{"id":16,"date":"2022-04-28T13:50:13","date_gmt":"2022-04-28T13:50:13","guid":{"rendered":"https:\/\/startersites.io\/blocksy\/gadgets\/?page_id=16"},"modified":"2026-04-21T10:15:38","modified_gmt":"2026-04-21T10:15:38","slug":"about-us","status":"publish","type":"page","link":"https:\/\/pericom.biz\/?page_id=16","title":{"rendered":"\u00dcber uns"},"content":{"rendered":"\n<div class=\"wp-block-stackable-spacer stk-block-spacer stk--no-padding stk-block stk-d3e0407\" data-block-id=\"d3e0407\"><style>.stk-d3e0407 {height:100px !important;}<\/style><\/div>\n\n\n\n<div class=\"wp-block-group alignfull has-background is-layout-constrained wp-block-group-is-layout-constrained\" style=\"background-color:#0b1016;padding-top:90px;padding-bottom:90px\">\n\n\n\n<h1 class=\"wp-block-heading has-text-align-center has-white-color has-text-color\" style=\"margin-top:20px;margin-bottom:0;font-size:clamp(35.2px, 2.2rem + ((1vw - 3.2px) * 2.25), 64px);font-style:normal;font-weight:700\">\u00dcber Uns<\/h1>\n<\/div>\n\n\n\n<div class=\"wp-block-stackable-columns alignfull stk-block-columns stk-block stk-2b0ea27 stk-block-background\" data-block-id=\"2b0ea27\"><style>.stk-2b0ea27 {background-color:#ffffff !important;padding-top:200px !important;padding-bottom:200px !important;margin-bottom:0px !important;}.stk-2b0ea27:before{background-color:#ffffff !important;}@media screen and (max-width:999px){.stk-2b0ea27 {padding-top:150px !important;}}<\/style><div class=\"stk-row stk-inner-blocks has-text-align-center stk-block-content stk-content-align stk-2b0ea27-column\">\n<div class=\"wp-block-stackable-column stk-block-column stk-column stk-block stk-7ac51ec\" data-v=\"4\" data-block-id=\"7ac51ec\"><style>.stk-7ac51ec-container{margin-top:0px !important;margin-right:0px !important;margin-bottom:0px !important;margin-left:0px !important;}<\/style><div class=\"stk-column-wrapper stk-block-column__content stk-container stk-7ac51ec-container stk--no-background stk--no-padding\"><div class=\"stk-block-content stk-inner-blocks stk-7ac51ec-inner-blocks\">\n<div class=\"wp-block-stackable-heading stk-block-heading stk-block-heading--v2 stk-block stk-b8fedda\" id=\"span-style-color-000000-class-stk-highlight-ein-vierteljahrhundert-an-der-spitze-der-br-automatisierungstechnik-span\" data-block-id=\"b8fedda\"><style>.stk-b8fedda {margin-bottom:0px !important;}.stk-b8fedda .stk-block-heading__text{color:#0e1283e0 !important;}@media screen and (max-width:999px){.stk-b8fedda .stk-block-heading__text{font-size:40px !important;}}@media screen and (max-width:689px){.stk-b8fedda .stk-block-heading__text{font-size:35px !important;}}<\/style><h2 class=\"stk-block-heading__text has-text-color has-palette-color-8-color has-text-align-center\"><span style=\"color: #000000;\" class=\"stk-highlight\">Ein Vierteljahrhundert an der Spitze der<br>Automatisierungstechnik <\/span><\/h2><\/div>\n\n\n\n<div class=\"wp-block-stackable-spacer stk-block-spacer stk--no-padding stk-block stk-74a4cbd\" data-block-id=\"74a4cbd\"><style>.stk-74a4cbd {height:5px !important;}<\/style><\/div>\n\n\n\n<div class=\"wp-block-stackable-spacer stk-block-spacer stk--no-padding stk-block stk-7fcd002\" data-block-id=\"7fcd002\"><style>.stk-7fcd002 {height:5px !important;}<\/style><\/div>\n\n\n\n<blockquote class=\"wp-block-stackable-blockquote stk-block-blockquote stk-block stk-e9f7f8c is-style-default\" data-v=\"2\" data-block-id=\"e9f7f8c\"><style>.stk-e9f7f8c {box-shadow:0 5px 30px -10px #123f524d !important;padding-top:var(--stk--preset--spacing--none, 0px) !important;padding-right:var(--stk--preset--spacing--none, 0px) !important;padding-bottom:var(--stk--preset--spacing--none, 0px) !important;padding-left:var(--stk--preset--spacing--none, 0px) !important;left:-1px !important;}<\/style><div class=\"has-text-align-left stk-block-blockquote__content stk-container stk-e9f7f8c-container stk-hover-parent\"><div class=\"stk-block-content stk-inner-blocks\">\n<div class=\"wp-block-stackable-text stk-block-text stk-block stk-c544305\" data-block-id=\"c544305\"><p class=\"stk-block-text__text\">Seit nunmehr 29 Jahren ist die Pericom AG ihr vertrauensw\u00fcrdiger Partner im Bereich der Automatisierungstechnik. Unser Engagement und unsere Erfahrung haben uns zu einem f\u00fchrenden Anbieter in diesem schnelllebigen Sektor gemacht. Entdecken Sie unsere Geschichte, die auf Innovation, Qualit\u00e4t und Kundenzufriedenheit basiert.<\/p><\/div>\n<\/div><\/div><\/blockquote>\n\n\n\n<div class=\"wp-block-stackable-spacer stk-block-spacer stk--no-padding stk-block stk-5233348\" data-block-id=\"5233348\"><style>.stk-5233348 {height:0px !important;}<\/style><\/div>\n<\/div><\/div><\/div>\n<\/div><\/div>\n\n\n\n<div class=\"wp-block-stackable-columns stk-block-columns stk-block stk-9b32f36\" data-block-id=\"9b32f36\"><style>.stk-9b32f36 {border-top-left-radius:15px !important;border-top-right-radius:15px !important;border-bottom-right-radius:15px !important;border-bottom-left-radius:15px !important;overflow:hidden !important;margin-top:-200px !important;margin-bottom:0px !important;}<\/style><div class=\"stk-row stk-inner-blocks stk-block-content stk-content-align stk-9b32f36-column\">\n<div class=\"wp-block-stackable-column stk-block-column stk-column stk-block stk-923dfff\" data-v=\"4\" data-block-id=\"923dfff\"><style>.stk-923dfff-container{margin-top:0px !important;margin-right:0px !important;margin-bottom:0px !important;margin-left:0px !important;}<\/style><div class=\"stk-column-wrapper stk-block-column__content stk-container stk-923dfff-container stk--no-background stk--no-padding\"><div class=\"stk-block-content stk-inner-blocks stk-923dfff-inner-blocks\"><\/div><\/div><\/div>\n<\/div><\/div>\n\n\n\n<div class=\"wp-block-stackable-spacer stk-block-spacer stk--no-padding stk-block stk-7a4908f\" data-block-id=\"7a4908f\"><style>.stk-7a4908f {height:50px !important;}@media screen and (max-width:999px){.stk-7a4908f {height:80px !important;}}@media screen and (max-width:689px){.stk-7a4908f {height:60px !important;}}<\/style><\/div>\n\n\n\n<div class=\"wp-block-stackable-heading stk-block-heading stk-block-heading--v2 stk-block stk-97bb786\" id=\"span-style-color-000000-class-stk-highlight-unsere-expertise-hmi-und-industrielle-kommunikation-span\" data-block-id=\"97bb786\"><style>.stk-97bb786 {margin-bottom:0px !important;}.stk-97bb786 .stk-block-heading__text{color:#0e1281e0 !important;}@media screen and (max-width:999px){.stk-97bb786 .stk-block-heading__text{font-size:40px !important;}}@media screen and (max-width:689px){.stk-97bb786 .stk-block-heading__text{font-size:25px !important;}}<\/style><h2 class=\"stk-block-heading__text has-text-color has-text-align-center\"><span style=\"color: #000000;\" class=\"stk-highlight\">Unsere Expertise &#8211; HMI und industrielle Kommunikation<\/span><\/h2><\/div>\n\n\n\n<div class=\"wp-block-stackable-spacer stk-block-spacer stk--no-padding stk-block stk-c375d7c\" data-block-id=\"c375d7c\"><style>.stk-c375d7c {height:17px !important;}@media screen and (max-width:999px){.stk-c375d7c {height:50px !important;}}<\/style><\/div>\n\n\n\n<div class=\"wp-block-stackable-columns stk-block-columns stk-block stk-aa1ac23\" data-block-id=\"aa1ac23\"><div class=\"stk-row stk-inner-blocks stk-block-content stk-content-align stk-aa1ac23-column\">\n<div class=\"wp-block-stackable-column stk-block-column stk-column stk-block stk-4361fb9\" data-v=\"4\" data-block-id=\"4361fb9\"><div class=\"stk-column-wrapper stk-block-column__content stk-container stk-4361fb9-container stk--no-background stk--no-padding\"><div class=\"stk-block-content stk-inner-blocks stk-4361fb9-inner-blocks\">\n<div class=\"wp-block-stackable-columns stk-block-columns stk-block stk-e874249\" data-block-id=\"e874249\"><div class=\"stk-row stk-inner-blocks stk-block-content stk-content-align stk-e874249-column\">\n<div class=\"wp-block-stackable-column stk-block-column stk-column stk-block stk-63161a7\" data-v=\"4\" data-block-id=\"63161a7\"><div class=\"stk-column-wrapper stk-block-column__content stk-container stk-63161a7-container stk--no-background stk--no-padding\"><div class=\"stk-block-content stk-inner-blocks stk-63161a7-inner-blocks\">\n<blockquote class=\"wp-block-stackable-blockquote stk-block-blockquote stk-block stk-3f3c4d3 is-style-default\" data-v=\"2\" data-block-id=\"3f3c4d3\"><style>.stk-3f3c4d3 {border-top-left-radius:var(--stk--preset--border-radius--none, 0px) !important;border-top-right-radius:var(--stk--preset--border-radius--none, 0px) !important;border-bottom-right-radius:var(--stk--preset--border-radius--none, 0px) !important;border-bottom-left-radius:var(--stk--preset--border-radius--none, 0px) !important;overflow:hidden !important;box-shadow:0px 10px 60px #0000001a !important;border-style:solid !important;border-top-width:0px !important;border-right-width:0px !important;border-bottom-width:0px !important;border-left-width:0px !important;}<\/style><div class=\"has-text-align-left stk-block-blockquote__content stk-container stk-3f3c4d3-container stk-hover-parent\"><div class=\"stk-block-content stk-inner-blocks\">\n<div class=\"wp-block-stackable-text stk-block-text stk-block stk-7003a53\" data-block-id=\"7003a53\"><p class=\"stk-block-text__text\">In diesem Umfeld bewegen wir uns erfolgreich seit nunmehr 29 Jahren. Unser Produktportfolio ist das Ergebnis langj\u00e4hriger Marktpr\u00e4senz und erfolgreicher Zusammenarbeit mit vielen Kunden. M\u00e4rkte wie die<br>Geb\u00e4udeautomation, der Maschinenbau, die kritische Infrastruktur oder Energieversorgung sind unser Zuhause.<\/p><\/div>\n<\/div><\/div><\/blockquote>\n<\/div><\/div><\/div>\n<\/div><\/div>\n<\/div><\/div><\/div>\n<\/div><\/div>\n\n\n\n<div class=\"wp-block-stackable-spacer stk-block-spacer stk--no-padding stk-block stk-01afeab\" data-block-id=\"01afeab\"><style>.stk-01afeab {height:0px !important;}@media screen and (max-width:999px){.stk-01afeab {height:80px !important;}}@media screen and (max-width:689px){.stk-01afeab {height:60px !important;}}<\/style><\/div>\n\n\n\n<div class=\"wp-block-stackable-spacer stk-block-spacer stk--no-padding stk-block stk-3f79c9d\" data-block-id=\"3f79c9d\"><style>.stk-3f79c9d {height:50px !important;}@media screen and (max-width:999px){.stk-3f79c9d {height:80px !important;}}@media screen and (max-width:689px){.stk-3f79c9d {height:60px !important;}}<\/style><\/div>\n\n\n\n<div class=\"wp-block-stackable-heading stk-block-heading stk-block-heading--v2 stk-block stk-ff390a0\" id=\"span-style-color-000000-class-stk-highlight-losungen-sind-unsere-starke-span\" data-block-id=\"ff390a0\"><style>.stk-ff390a0 {margin-bottom:13px !important;}.stk-ff390a0 .stk-block-heading__text{color:#0e1281e0 !important;}@media screen and (max-width:999px){.stk-ff390a0 .stk-block-heading__text{font-size:25px !important;}}<\/style><h3 class=\"stk-block-heading__text has-text-color has-text-align-center\"><span style=\"color: #000000;\" class=\"stk-highlight\">L\u00f6sungen sind unsere St\u00e4rke<\/span><\/h3><\/div>\n\n\n\n<div class=\"wp-block-columns is-layout-flex wp-container-core-columns-is-layout-28f84493 wp-block-columns-is-layout-flex\">\n<div class=\"wp-block-column is-layout-flow wp-block-column-is-layout-flow\" style=\"flex-basis:100%\">\n<div class=\"wp-block-stackable-columns stk-block-columns stk-block stk-e7c691c\" data-block-id=\"e7c691c\"><style>.stk-e7c691c {margin-bottom:40px !important;}.stk-e7c691c-column{--stk-column-gap:40px !important;row-gap:40px !important;}<\/style><div class=\"stk-row stk-inner-blocks stk-block-content stk-content-align stk-e7c691c-column\">\n<div class=\"wp-block-stackable-column stk-block-column stk-column stk-block stk-1b9a868\" data-v=\"4\" data-block-id=\"1b9a868\"><style>.stk-1b9a868-container{margin-top:0px !important;margin-right:0px !important;margin-bottom:0px !important;margin-left:0px !important;border-top-left-radius:15px !important;border-top-right-radius:15px !important;border-bottom-right-radius:15px !important;border-bottom-left-radius:15px !important;overflow:hidden !important;box-shadow:0px 20px 80px 0px #c1c7d44d !important;padding-top:55px !important;padding-right:40px !important;padding-bottom:55px !important;padding-left:40px !important;}.stk-1b9a868 {box-shadow:0 5px 30px -10px #123f524d !important;}@media screen and (max-width:999px){.stk-1b9a868-container{padding-top:35px !important;padding-right:35px !important;padding-bottom:35px !important;padding-left:35px !important;}}<\/style><div class=\"stk-column-wrapper stk-block-column__content stk-container stk-1b9a868-container stk-hover-parent\"><div class=\"stk-block-content stk-inner-blocks stk-1b9a868-inner-blocks\">\n<div class=\"wp-block-stackable-columns stk-block-columns stk-block stk-52604e1\" data-block-id=\"52604e1\"><style>.stk-52604e1-column{--stk-column-gap:30px !important;row-gap:30px !important;}<\/style><div class=\"stk-row stk-inner-blocks stk-block-content stk-content-align stk-52604e1-column\">\n<div class=\"wp-block-stackable-column stk-block-column stk-column stk-block stk-29f7dd1\" data-v=\"4\" data-block-id=\"29f7dd1\"><style>.stk-29f7dd1-container{margin-top:0px !important;margin-right:0px !important;margin-bottom:0px !important;margin-left:0px !important;padding-top:0px !important;padding-right:0px !important;padding-bottom:0px !important;padding-left:0px !important;}<\/style><div class=\"stk-column-wrapper stk-block-column__content stk-container stk-29f7dd1-container stk--no-background stk--no-padding\"><div class=\"stk-block-content stk-inner-blocks stk-29f7dd1-inner-blocks\">\n<div class=\"wp-block-stackable-text stk-block-text stk-block stk-51ac5c8\" data-block-id=\"51ac5c8\"><style>.stk-51ac5c8 {margin-bottom:21px !important;}.stk-51ac5c8 .stk-block-text__text{color:var(--theme-palette-color-3, #4d5d6d) !important;}<\/style><p class=\"stk-block-text__text has-text-color has-palette-color-3-color has-text-align-center-tablet\">In diesem Umfeld bewegen wir uns erfolgreich seit nunmehr 29 Jahren. Unser Produktportfolio ist das Ergebnis langj\u00e4hriger Marktpr\u00e4senz und erfolgreicher Zusammenarbeit mit vielen Kunden. M\u00e4rkte wie die Geb\u00e4udeautomation, der Maschinenbau, die kritische Infrastruktur oder Energieversorgung sind unser Zuhause.<\/p><\/div>\n<\/div><\/div><\/div>\n<\/div><\/div>\n<\/div><\/div><\/div>\n<\/div><\/div>\n<\/div>\n<\/div>\n\n\n\n<div class=\"wp-block-stackable-image stk-block-image stk-block stk-c1d74af\" data-block-id=\"c1d74af\"><style>.stk-c1d74af {margin-bottom:50px !important;}.stk-c1d74af .stk-img-wrapper{width:88% !important;height:367px !important;}<\/style><figure><span class=\"stk-img-wrapper stk-image--shape-stretch\"><img loading=\"lazy\" decoding=\"async\" class=\"stk-img wp-image-2505\" src=\"https:\/\/pericom.biz\/wp-content\/uploads\/2026\/04\/per-unssss.jpg\" width=\"1920\" height=\"1280\" srcset=\"https:\/\/pericom.biz\/wp-content\/uploads\/2026\/04\/per-unssss.jpg 1920w, https:\/\/pericom.biz\/wp-content\/uploads\/2026\/04\/per-unssss-300x200.jpg 300w, https:\/\/pericom.biz\/wp-content\/uploads\/2026\/04\/per-unssss-1024x683.jpg 1024w, https:\/\/pericom.biz\/wp-content\/uploads\/2026\/04\/per-unssss-768x512.jpg 768w, https:\/\/pericom.biz\/wp-content\/uploads\/2026\/04\/per-unssss-1536x1024.jpg 1536w, https:\/\/pericom.biz\/wp-content\/uploads\/2026\/04\/per-unssss-500x333.jpg 500w, https:\/\/pericom.biz\/wp-content\/uploads\/2026\/04\/per-unssss-600x400.jpg 600w\" sizes=\"auto, (max-width: 1920px) 100vw, 1920px\" \/><\/span><\/figure><\/div>\n\n\n\n<div class=\"wp-block-stackable-heading stk-block-heading stk-block-heading--v2 stk-block stk-a1120ac\" id=\"span-style-color-000000-class-stk-highlight-beratung-zuverlassigkeit-und-support-span\" data-block-id=\"a1120ac\"><style>.stk-a1120ac {margin-bottom:17px !important;}.stk-a1120ac .stk-block-heading__text{color:#0e1281e0 !important;}<\/style><h2 class=\"stk-block-heading__text has-text-color has-text-align-center\"><span style=\"color: #000000;\" class=\"stk-highlight\">Beratung, Zuverl\u00e4ssigkeit und Support<\/span><\/h2><\/div>\n\n\n\n<div class=\"wp-block-columns is-layout-flex wp-container-core-columns-is-layout-28f84493 wp-block-columns-is-layout-flex\">\n<div class=\"wp-block-column is-layout-flow wp-block-column-is-layout-flow\" style=\"flex-basis:100%\">\n<div class=\"wp-block-stackable-columns stk-block-columns stk-block stk-b4a05ed\" data-block-id=\"b4a05ed\"><div class=\"stk-row stk-inner-blocks stk-block-content stk-content-align stk-b4a05ed-column\">\n<div class=\"wp-block-stackable-column stk-block-column stk-column stk-block stk-aa43c65\" data-v=\"4\" data-block-id=\"aa43c65\"><div class=\"stk-column-wrapper stk-block-column__content stk-container stk-aa43c65-container stk--no-background stk--no-padding\"><div class=\"stk-block-content stk-inner-blocks stk-aa43c65-inner-blocks\">\n<div class=\"wp-block-stackable-columns stk-block-columns stk-block stk-94df37a\" data-block-id=\"94df37a\"><style>.stk-94df37a {margin-bottom:0px !important;}.stk-94df37a-column{--stk-column-gap:40px !important;row-gap:40px !important;}<\/style><div class=\"stk-row stk-inner-blocks stk-block-content stk-content-align stk-94df37a-column\">\n<div class=\"wp-block-stackable-column stk-block-column stk-column stk-block stk-74d05f9\" data-v=\"4\" data-block-id=\"74d05f9\"><style>.stk-74d05f9-container{margin-top:0px !important;margin-right:0px !important;margin-bottom:0px !important;margin-left:0px !important;border-top-left-radius:15px !important;border-top-right-radius:15px !important;border-bottom-right-radius:15px !important;border-bottom-left-radius:15px !important;overflow:hidden !important;box-shadow:0px 20px 80px 0px #c1c7d44d !important;padding-top:55px !important;padding-right:40px !important;padding-bottom:55px !important;padding-left:40px !important;}.stk-74d05f9 {box-shadow:0 5px 30px -10px #123f524d !important;}@media screen and (max-width:999px){.stk-74d05f9-container{padding-top:35px !important;padding-right:35px !important;padding-bottom:35px !important;padding-left:35px !important;}}<\/style><div class=\"stk-column-wrapper stk-block-column__content stk-container stk-74d05f9-container stk-hover-parent\"><div class=\"stk-block-content stk-inner-blocks stk-74d05f9-inner-blocks\">\n<div class=\"wp-block-stackable-columns stk-block-columns stk-block stk-c0d858f\" data-block-id=\"c0d858f\"><style>.stk-c0d858f-column{--stk-column-gap:30px !important;row-gap:30px !important;}<\/style><div class=\"stk-row stk-inner-blocks stk-block-content stk-content-align stk-c0d858f-column\">\n<div class=\"wp-block-stackable-column stk-block-column stk-column stk-block stk-dddd25c\" data-v=\"4\" data-block-id=\"dddd25c\"><style>.stk-dddd25c-container{margin-top:0px !important;margin-right:0px !important;margin-bottom:0px !important;margin-left:0px !important;padding-top:0px !important;padding-right:0px !important;padding-bottom:0px !important;padding-left:0px !important;}<\/style><div class=\"stk-column-wrapper stk-block-column__content stk-container stk-dddd25c-container stk--no-background stk--no-padding\"><div class=\"stk-block-content stk-inner-blocks stk-dddd25c-inner-blocks\">\n<p class=\"has-text-align-center\">Was uns auszeichnet, ist nicht nur die Qualit\u00e4t unserer Produkte, sondern auch unser un\u00fcbertroffener Kundenservice. Von der ersten Beratung \u00fcber die zuverl\u00e4ssige Lieferung bis hin zum nachhaltigen Support &#8211; wir sind stets an Ihrer Seite. Entdecken Sie den Unterschied, den kompetente Beratung, hohe Zuverl\u00e4ssigkeit und exzellenter Support machen k\u00f6nnen.<\/p>\n<\/div><\/div><\/div>\n<\/div><\/div>\n<\/div><\/div><\/div>\n<\/div><\/div>\n<\/div><\/div><\/div>\n<\/div><\/div>\n<\/div>\n<\/div>\n\n\n\n<div class=\"wp-block-stackable-spacer stk-block-spacer stk--no-padding stk-block stk-21d7a47\" data-block-id=\"21d7a47\"><style>.stk-21d7a47 {height:50px !important;}<\/style><\/div>\n","protected":false},"excerpt":{"rendered":"<p>\u00dcber Uns Ein Vierteljahrhundert an der Spitze derAutomatisierungstechnik Seit nunmehr 29 Jahren ist die Pericom AG ihr vertrauensw\u00fcrdiger Partner im Bereich der Automatisierungstechnik. Unser Engagement und unsere Erfahrung haben uns zu einem f\u00fchrenden Anbieter in diesem schnelllebigen Sektor gemacht. Entdecken Sie unsere Geschichte, die auf Innovation, Qualit\u00e4t und Kundenzufriedenheit basiert. Unsere Expertise &#8211; HMI und [&hellip;]<\/p>\n","protected":false},"author":1,"featured_media":0,"parent":0,"menu_order":0,"comment_status":"closed","ping_status":"closed","template":"","meta":{"footnotes":""},"class_list":["post-16","page","type-page","status-publish","hentry"],"blocksy_meta":{"page_title_panel":"","has_hero_section":"disabled","e526bf15e511397327c0ea7c622e70d5":"","hero_section":"type-1","hero_elements":[{"id":"custom_title","enabled":true,"heading_tag":"h1","title":"Home"},{"id":"custom_description","enabled":true,"description_visibility":{"desktop":true,"tablet":true,"mobile":false}},{"id":"custom_meta","enabled":false,"meta_elements":[{"id":"author","enabled":true,"label":"By","has_author_avatar":"yes","avatar_size":25},{"id":"post_date","enabled":true,"label":"On","date_format_source":"default","date_format":"M j, Y"},{"id":"updated_date","enabled":false,"label":"On","date_format_source":"default","date_format":"M j, Y"},{"id":"categories","enabled":false,"label":"In","style":"simple"},{"id":"comments","enabled":true}],"page_meta_elements":{"joined":true,"articles_count":true,"comments":true}},{"id":"breadcrumbs","enabled":false}],"e215eb52d97ca5ebf9ff3868ffff48c4":"","hero_alignment1":"CT_CSS_SKIP_RULE","hero_margin":40,"hero_alignment2":"center","hero_vertical_alignment":"center","9ab8835f9687c382b8c48ee74eb290b1":"","hero_structure":"narrow","9fcb5372e27f299ebb25c8a4aba6c935":"","page_title_bg_type":"featured_image","custom_hero_background":{"attachment_id":null},"page_title_image_size":"full","parallax":{"desktop":false,"tablet":false,"mobile":false},"a6bd30db6f7128ca14dd777aa48118ec":"","hero_height":"250px","pageTitleFont":{"family":"Default","variation":"Default","size":"30px","line-height":"CT_CSS_SKIP_RULE","letter-spacing":"CT_CSS_SKIP_RULE","text-transform":"CT_CSS_SKIP_RULE","text-decoration":"CT_CSS_SKIP_RULE"},"pageTitleFontColor":{"default":{"color":"CT_CSS_SKIP_RULEDEFAULT"}},"pageMetaFont":{"family":"Default","variation":"n6","size":"12px","line-height":"1.3","letter-spacing":"CT_CSS_SKIP_RULE","text-transform":"uppercase","text-decoration":"CT_CSS_SKIP_RULE"},"pageMetaFontColor":{"default":{"color":"CT_CSS_SKIP_RULEDEFAULT"},"hover":{"color":"CT_CSS_SKIP_RULEDEFAULT"}},"page_meta_button_type_font_colors":{"default":{"color":"CT_CSS_SKIP_RULEDEFAULT"},"hover":{"color":"CT_CSS_SKIP_RULEDEFAULT"}},"page_meta_button_type_background_colors":{"default":{"color":"CT_CSS_SKIP_RULEDEFAULT"},"hover":{"color":"CT_CSS_SKIP_RULEDEFAULT"}},"pageExcerptFont":{"family":"Default","variation":"Default","size":"CT_CSS_SKIP_RULE","line-height":"CT_CSS_SKIP_RULE","letter-spacing":"CT_CSS_SKIP_RULE","text-transform":"CT_CSS_SKIP_RULE","text-decoration":"CT_CSS_SKIP_RULE"},"pageExcerptColor":{"default":{"color":"CT_CSS_SKIP_RULEDEFAULT"}},"breadcrumbsFont":{"family":"Default","variation":"Default","size":"CT_CSS_SKIP_RULE","line-height":"CT_CSS_SKIP_RULE","letter-spacing":"CT_CSS_SKIP_RULE","text-transform":"CT_CSS_SKIP_RULE","text-decoration":"CT_CSS_SKIP_RULE"},"breadcrumbsFontColor":{"default":{"color":"CT_CSS_SKIP_RULEDEFAULT"},"initial":{"color":"CT_CSS_SKIP_RULEDEFAULT"},"hover":{"color":"CT_CSS_SKIP_RULEDEFAULT"}},"pageTitleOverlay":{"background_type":"color","background_pattern":"type-1","background_image":{"attachment_id":null,"x":0,"y":0},"gradient":"linear-gradient(135deg,rgba(6,147,227,1) 0%,rgb(155,81,224) 100%)","background_repeat":"repeat","background_size":"auto","background_attachment":"scroll","patternColor":{"default":{"color":"#e5e7ea"}},"overlayColor":{"default":{"color":"CT_CSS_SKIP_RULE"}},"backgroundColor":{"default":{"color":"CT_CSS_SKIP_RULE"}}},"pageTitleBackground":{"background_type":"color","background_pattern":"type-1","background_image":{"attachment_id":null,"x":0,"y":0},"gradient":"linear-gradient(135deg,rgba(6,147,227,1) 0%,rgb(155,81,224) 100%)","background_repeat":"repeat","background_size":"auto","background_attachment":"scroll","patternColor":{"default":{"color":"#e5e7ea"}},"overlayColor":{"default":{"color":"CT_CSS_SKIP_RULE"}},"backgroundColor":{"default":{"color":"var(--theme-palette-color-6)"}}},"pageTitlePadding":{"top":"50px","bottom":"50px","left":"auto","right":"auto","linked":true},"17dd88181336b93c39910ae374bba20f":"","page_structure_type":"default","dc61af32236be1bc5ecce3249dcc2da4":"","content_style_source":"inherit","content_style":"wide","vertical_spacing_source":"custom","content_area_spacing":"none","background":{"background_type":"color","background_pattern":"type-1","background_image":{"attachment_id":null,"x":0,"y":0},"gradient":"linear-gradient(135deg,rgba(6,147,227,1) 0%,rgb(155,81,224) 100%)","background_repeat":"repeat","background_size":"auto","background_attachment":"scroll","patternColor":{"default":{"color":"#e5e7ea"}},"overlayColor":{"default":{"color":"CT_CSS_SKIP_RULE"}},"backgroundColor":{"default":{"color":"CT_CSS_SKIP_RULE"}}},"content_background":{"background_type":"color","background_pattern":"type-1","background_image":{"attachment_id":null,"x":0,"y":0},"gradient":"linear-gradient(135deg,rgba(6,147,227,1) 0%,rgb(155,81,224) 100%)","background_repeat":"repeat","background_size":"auto","background_attachment":"scroll","patternColor":{"default":{"color":"#e5e7ea"}},"overlayColor":{"default":{"color":"CT_CSS_SKIP_RULE"}},"backgroundColor":{"default":{"color":"var(--theme-palette-color-8)"}}},"content_boxed_shadow":{"inherit":false,"blur":18,"spread":-6,"v_offset":12,"h_offset":0,"inset":false,"enable":true,"color":{"color":"rgba(34, 56, 101, 0.04)"}},"boxed_content_spacing":{"desktop":{"top":"40px","bottom":"40px","left":"40px","right":"40px","linked":true},"tablet":{"top":"35px","bottom":"35px","left":"35px","right":"35px","linked":true},"mobile":{"top":"20px","bottom":"20px","left":"20px","right":"20px","linked":true}},"content_boxed_radius":{"top":"3px","bottom":"3px","left":"3px","right":"3px","linked":true},"27df1c2ee6c2fdf36e31c6059ce1ce37":"","disable_featured_image":"no","disable_share_box":"no","disable_header":"no","disable_footer":"no","styles_descriptor":{"styles":{"desktop":"","tablet":"","mobile":""},"google_fonts":[],"version":6}},"_links":{"self":[{"href":"https:\/\/pericom.biz\/index.php?rest_route=\/wp\/v2\/pages\/16","targetHints":{"allow":["GET"]}}],"collection":[{"href":"https:\/\/pericom.biz\/index.php?rest_route=\/wp\/v2\/pages"}],"about":[{"href":"https:\/\/pericom.biz\/index.php?rest_route=\/wp\/v2\/types\/page"}],"author":[{"embeddable":true,"href":"https:\/\/pericom.biz\/index.php?rest_route=\/wp\/v2\/users\/1"}],"replies":[{"embeddable":true,"href":"https:\/\/pericom.biz\/index.php?rest_route=%2Fwp%2Fv2%2Fcomments&post=16"}],"version-history":[{"count":51,"href":"https:\/\/pericom.biz\/index.php?rest_route=\/wp\/v2\/pages\/16\/revisions"}],"predecessor-version":[{"id":2643,"href":"https:\/\/pericom.biz\/index.php?rest_route=\/wp\/v2\/pages\/16\/revisions\/2643"}],"wp:attachment":[{"href":"https:\/\/pericom.biz\/index.php?rest_route=%2Fwp%2Fv2%2Fmedia&parent=16"}],"curies":[{"name":"wp","href":"https:\/\/api.w.org\/{rel}","templated":true}]}}