{"id":3,"date":"2026-04-15T20:32:33","date_gmt":"2026-04-15T20:32:33","guid":{"rendered":"https:\/\/pericom.biz\/?page_id=3"},"modified":"2026-04-27T10:14:34","modified_gmt":"2026-04-27T10:14:34","slug":"privacy-policy","status":"publish","type":"page","link":"https:\/\/pericom.biz\/?page_id=3","title":{"rendered":"Datenschutzerkl\u00e4rung"},"content":{"rendered":"\n<p>Diese Datenschutzerkl\u00e4rung informiert Sie umfassend \u00fcber die Art, den Umfang und den Zweck der Verarbeitung personenbezogener Daten (im Folgenden \u201cDaten\u201d) im Rahmen unseres Onlineangebots, einschliesslich der damit verbundenen Webseiten, Funktionen, Inhalte und externen Onlinepr\u00e4senzen wie z. B. unsere Social-Media-Profile (nachfolgend gemeinsam als \u201cOnlineangebot\u201d bezeichnet). F\u00fcr die verwendeten Begriffe, wie \u201cVerarbeitung\u201d oder \u201cVerantwortlicher\u201d, verweisen wir auf die Definitionen in Artikel 4 der Datenschutz-Grundverordnung (DSGVO).<\/p>\n\n\n\n<h2 class=\"wp-block-heading\">Verantwortlicher<\/h2>\n\n\n\n<p>Pericom AG<br>Moskau 314B<br>8262 Ramsen<br>info@pericom.ch<\/p>\n\n\n\n<div class=\"wp-block-stackable-heading stk-block-heading stk-block-heading--v2 stk-block stk-fbe2931\" id=\"arten-der-verarbeiteten-daten\" data-block-id=\"fbe2931\"><h2 class=\"stk-block-heading__text\">Arten der verarbeiteten Daten<\/h2><\/div>\n\n\n\n<p>Bestandsdaten: wie z. B. Namen, Adressen<br>Kontaktdaten: wie z. B. E-Mail, Telefonnummern<br>Inhaltsdaten: wie z. B. Texteingaben, Fotografien, Videos<br>Nutzungsdaten: wie z. B. besuchte Webseiten, Interesse an Inhalten, Zugriffszeiten<br>Meta-\/Kommunikationsdaten: wie z. B. Ger\u00e4teinformationen, IP-Adressen<\/p>\n\n\n\n<h2 class=\"wp-block-heading\">Kategorien betroffener Personen<\/h2>\n\n\n\n<p>Diese Datenschutzerkl\u00e4rung bezieht sich auf die Verarbeitung personenbezogener Daten der Besucher und Nutzer unseres Onlineangebots (im Folgenden zusammenfassend als \u201cNutzer\u201d bezeichnet).<\/p>\n\n\n\n<h2 class=\"wp-block-heading\">Zweck der Verarbeitung<\/h2>\n\n\n\n<p>Wir verarbeiten Daten, um:<\/p>\n\n\n\n<p>Das Onlineangebot, seine Funktionen und Inhalte bereitzustellen.<br>Kontaktanfragen zu beantworten und mit Nutzern zu kommunizieren.<br>Sicherheitsmassnahmen durchzuf\u00fchren.<br>Reichweitenmessungen durchzuf\u00fchren und Marketingaktivit\u00e4ten zu unterst\u00fctzen.<\/p>\n\n\n\n<div class=\"wp-block-stackable-heading stk-block-heading stk-block-heading--v2 stk-block stk-100f054\" id=\"verwendete-begrifflichkeiten\" data-block-id=\"100f054\"><h2 class=\"stk-block-heading__text\">Verwendete Begrifflichkeiten<\/h2><\/div>\n\n\n\n<p>Personenbezogene Daten: Alle Informationen, die sich auf eine identifizierte oder identifizierbare nat\u00fcrliche Person (im Folgenden \u201cbetroffene Person\u201d) beziehen. Eine nat\u00fcrliche Person gilt als identifizierbar, wenn sie direkt oder indirekt identifiziert werden kann, insbesondere durch Zuordnung zu einer Kennung wie einem Namen, einer Kennnummer, Standortdaten, einer Online-Kennung (z. B. Cookie) oder zu einem oder mehreren besonderen Merkmalen, die Ausdruck der physischen, physiologischen, genetischen, psychischen, wirtschaftlichen, kulturellen oder sozialen Identit\u00e4t dieser Person sind.<br>Verarbeitung: Jeder Vorgang im Zusammenhang mit personenbezogenen Daten, der mit oder ohne Hilfe automatisierter Verfahren ausgef\u00fchrt wird. Der Begriff ist umfassend und schliesst praktisch jeden Umgang mit Daten ein.<br>Pseudonymisierung: Die Verarbeitung personenbezogener Daten in einer Weise, dass die Daten ohne Hinzuziehung zus\u00e4tzlicher Informationen nicht mehr einer spezifischen betroffenen Person zugeordnet werden k\u00f6nnen, sofern diese zus\u00e4tzlichen Informationen gesondert aufbewahrt werden und technischen und organisatorischen Massnahmen unterliegen.<br>Profiling: Jede Art der automatisierten Verarbeitung personenbezogener Daten, die darin besteht, dass diese Daten verwendet werden, um bestimmte pers\u00f6nliche Aspekte einer nat\u00fcrlichen Person zu bewerten, insbesondere um Aspekte wie Arbeitsleistung, wirtschaftliche Lage, Gesundheit, pers\u00f6nliche Vorlieben, Interessen, Zuverl\u00e4ssigkeit, Verhalten, Aufenthaltsort oder Ortswechsel dieser Person zu analysieren oder vorherzusagen.<br>Verantwortlicher: Die nat\u00fcrliche oder juristische Person, Beh\u00f6rde, Einrichtung oder andere Stelle, die allein oder gemeinsam mit anderen \u00fcber die Zwecke und Mittel der Verarbeitung von personenbezogenen Daten entscheidet.<br>Auftragsverarbeiter: Eine nat\u00fcrliche oder juristische Person, Beh\u00f6rde, Einrichtung oder andere Stelle, die personenbezogene Daten im Auftrag des Verantwortlichen verarbeitet.<\/p>\n\n\n\n<h2 class=\"wp-block-heading\">Massgebliche Rechtsgrundlagen<\/h2>\n\n\n\n<p>Gem\u00e4ss Art. 13 DSGVO teilen wir Ihnen die Rechtsgrundlagen unserer Datenverarbeitungen mit. Sofern die Rechtsgrundlage in dieser Datenschutzerkl\u00e4rung nicht ausdr\u00fccklich genannt wird, gilt Folgendes:<\/p>\n\n\n\n<p>Einwilligungen: Art. 6 Abs. 1 lit. a und Art. 7 DSGVO<br>Erf\u00fcllung von Leistungen und Durchf\u00fchrung vertraglicher Massnahmen: Art. 6 Abs. 1 lit. b DSGVO<br>Erf\u00fcllung rechtlicher Verpflichtungen: Art. 6 Abs. 1 lit. c DSGVO<br>Wahrung berechtigter Interessen: Art. 6 Abs. 1 lit. f DSGVO<br>Wahrung lebenswichtiger Interessen: Art. 6 Abs. 1 lit. d DSGVO<\/p>\n\n\n\n<h2 class=\"wp-block-heading\">Sicherheitsmassnahmen<\/h2>\n\n\n\n<p>Wir treffen gem\u00e4ss Art. 32 DSGVO unter Ber\u00fccksichtigung des Stands der Technik, der Implementierungskosten sowie der Art, des Umfangs, der Umst\u00e4nde und der Zwecke der Verarbeitung geeignete technische und organisatorische Massnahmen, um ein dem Risiko angemessenes Schutzniveau zu gew\u00e4hrleisten.<\/p>\n\n\n\n<p>Zu den Massnahmen geh\u00f6ren insbesondere die Sicherung der Vertraulichkeit, Integrit\u00e4t und Verf\u00fcgbarkeit von Daten. Dies schliesst die Kontrolle des physischen Zugangs zu den Daten, des sie betreffenden Zugriffs, der Eingabe, Weitergabe, der Sicherung der Verf\u00fcgbarkeit und ihrer Trennung ein. Dar\u00fcber hinaus haben wir Verfahren eingerichtet, die die Wahrnehmung von Betroffenenrechten, die L\u00f6schung von Daten und die Reaktion auf Gef\u00e4hrdungen der Daten gew\u00e4hrleisten. Wir ber\u00fccksichtigen den Schutz personenbezogener Daten bereits bei der Entwicklung bzw. Auswahl von Hardware, Software sowie Verfahren entsprechend dem Prinzip des Datenschutzes durch Technikgestaltung und durch datenschutzfreundliche Voreinstellungen (Art. 25 DSGVO).<\/p>\n\n\n\n<h2 class=\"wp-block-heading\">Zusammenarbeit mit Auftragsverarbeitern und Dritten<\/h2>\n\n\n\n<p>Sofern wir im Rahmen unserer Verarbeitung Daten gegen\u00fcber anderen Personen und Unternehmen (Auftragsverarbeitern oder Dritten) offenbaren, sie an diese \u00fcbermitteln oder ihnen sonst Zugriff auf die Daten gew\u00e4hren, erfolgt dies nur auf Grundlage einer gesetzlichen Erlaubnis (z. B. wenn eine \u00dcbermittlung der Daten an Dritte, wie an Zahlungsdienstleister, gem. Art. 6 Abs. 1 lit. b DSGVO zur Vertragserf\u00fcllung erforderlich ist), Sie eingewilligt haben, eine rechtliche Verpflichtung dies vorsieht oder auf Grundlage unserer berechtigten Interessen (z. B. beim Einsatz von Beauftragten, Webhostern, etc.).<\/p>\n\n\n\n<p>Sofern wir Dritte mit der Verarbeitung von Daten auf Grundlage eines sogenannten \u201eAuftragsverarbeitungsvertrages\u201c beauftragen, geschieht dies auf Grundlage des Art. 28 DSGVO.<\/p>\n\n\n\n<h2 class=\"wp-block-heading\">\u00dcbermittlungen in Drittl\u00e4nder<\/h2>\n\n\n\n<p>Sofern wir Daten in einem Drittland (d. h. ausserhalb der Europ\u00e4ischen Union (EU) oder des Europ\u00e4ischen Wirtschaftsraums (EWR)) verarbeiten oder dies im Rahmen der Inanspruchnahme von Diensten Dritter oder Offenlegung bzw. \u00dcbermittlung von Daten an Dritte geschieht, erfolgt dies nur, wenn es zur Erf\u00fcllung unserer (vor)vertraglichen Pflichten, auf Grundlage Ihrer Einwilligung, aufgrund einer rechtlichen Verpflichtung oder auf Grundlage unserer berechtigten Interessen geschieht. Vorbehaltlich gesetzlicher oder vertraglicher Erlaubnisse verarbeiten oder lassen wir die Daten in einem Drittland nur bei Vorliegen der besonderen Voraussetzungen der Art. 44 ff. DSGVO verarbeiten, z. B. auf Grundlage besonderer Garantien, wie der offiziell anerkannten Feststellung eines der EU entsprechenden Datenschutzniveaus (z. B. f\u00fcr die USA durch das \u201ePrivacy Shield\u201c) oder Beachtung offiziell anerkannter spezieller vertraglicher Verpflichtungen (sogenannte \u201eStandardvertragsklauseln\u201c).<\/p>\n\n\n\n<h2 class=\"wp-block-heading\">Rechte der betroffenen Personen<\/h2>\n\n\n\n<p>Sie haben folgende Rechte:<\/p>\n\n\n\n<p>Auskunftsrecht: Gem\u00e4ss Art. 15 DSGVO haben Sie das Recht, eine Best\u00e4tigung dar\u00fcber zu verlangen, ob betreffende Daten verarbeitet werden, sowie auf Auskunft \u00fcber diese Daten und weitere Informationen und Kopie der Daten.<br>Recht auf Berichtigung: Gem\u00e4ss Art. 16 DSGVO haben Sie das Recht, die Vervollst\u00e4ndigung der Sie betreffenden Daten oder die Berichtigung der Sie betreffenden unrichtigen Daten zu verlangen.<br>Recht auf L\u00f6schung: Gem\u00e4ss Art. 17 DSGVO haben Sie das Recht zu verlangen, dass betreffende Daten unverz\u00fcglich gel\u00f6scht werden, bzw. alternativ nach Massgabe des Art. 18 DSGVO eine Einschr\u00e4nkung der Verarbeitung der Daten zu verlangen.<br>Recht auf Daten\u00fcbertragbarkeit: Gem\u00e4ss Art. 20 DSGVO haben Sie das Recht zu verlangen, dass die Sie betreffenden Daten, die Sie uns bereitgestellt haben, zu erhalten und deren \u00dcbermittlung an andere Verantwortliche zu fordern.<br>Recht auf Beschwerde: Gem\u00e4ss Art. 77 DSGVO haben Sie das Recht, eine Beschwerde bei der zust\u00e4ndigen Aufsichtsbeh\u00f6rde einzureichen.<\/p>\n\n\n\n<div class=\"wp-block-stackable-heading stk-block-heading stk-block-heading--v2 stk-block stk-cd07b15\" id=\"widerrufsrecht\" data-block-id=\"cd07b15\"><h2 class=\"stk-block-heading__text\">Widerrufsrecht<\/h2><\/div>\n\n\n\n<div class=\"wp-block-stackable-text stk-block-text stk-block stk-dd98537\" data-block-id=\"dd98537\"><p class=\"stk-block-text__text\">Sie haben das Recht, erteilte Einwilligungen gem\u00e4ss Art. 7 Abs. 3 DSGVO mit Wirkung f\u00fcr die Zukunft zu widerrufen.<\/p><\/div>\n\n\n\n<div class=\"wp-block-stackable-heading stk-block-heading stk-block-heading--v2 stk-block stk-5eff14b\" id=\"widerspruchsrecht\" data-block-id=\"5eff14b\"><h2 class=\"stk-block-heading__text\">Widerspruchsrecht<\/h2><\/div>\n\n\n\n<div class=\"wp-block-stackable-text stk-block-text stk-block stk-d982901\" data-block-id=\"d982901\"><p class=\"stk-block-text__text\">Sie k\u00f6nnen der k\u00fcnftigen Verarbeitung der Sie betreffenden Daten gem\u00e4ss Art. 21 DSGVO jederzeit widersprechen. Der Widerspruch kann insbesondere gegen die Verarbeitung f\u00fcr Zwecke der Direktwerbung erfolgen.<\/p><\/div>\n\n\n\n<div class=\"wp-block-stackable-heading stk-block-heading stk-block-heading--v2 stk-block stk-2749dec\" id=\"cookies-und-widerspruchsrecht-bei-direktwerbung\" data-block-id=\"2749dec\"><h2 class=\"stk-block-heading__text\">Cookies und Widerspruchsrecht bei Direktwerbung<\/h2><\/div>\n\n\n\n<p>\u201eCookies\u201c sind kleine Dateien, die auf den Ger\u00e4ten der Nutzer gespeichert werden. Cookies dienen prim\u00e4r dazu, Angaben zu einem Nutzer w\u00e4hrend oder nach seinem Besuch innerhalb eines Onlineangebots zu speichern. Tempor\u00e4re Cookies oder \u201eSession-Cookies\u201c sind Cookies, die gel\u00f6scht werden, nachdem ein Nutzer ein Onlineangebot verl\u00e4sst und seinen Browser schliesst. Permanente Cookies bleiben auch nach dem Schliessen des Browsers gespeichert.<\/p>\n\n\n\n<p>Nutzer k\u00f6nnen in den Systemeinstellungen ihres Browsers einstellen, dass Cookies nicht gespeichert werden. Bereits gespeicherte Cookies k\u00f6nnen dort ebenfalls gel\u00f6scht werden. Der Ausschluss von Cookies kann jedoch zu Funktionseinschr\u00e4nkungen des Onlineangebots f\u00fchren.<\/p>\n\n\n\n<p>Ein genereller Widerspruch gegen den Einsatz von Cookies zu Zwecken des Online-Marketings kann bei Diensten wie http:\/\/www.aboutads.info\/choices\/ (USA) oder http:\/\/www.youronlinechoices.com (EU) erkl\u00e4rt werden. Des Weiteren kann die Speicherung von Cookies durch deren Abschaltung in den Einstellungen des Browsers verhindert werden. Bitte beachten Sie, dass dies m\u00f6glicherweise nicht alle Funktionen des Onlineangebots beeintr\u00e4chtigen k\u00f6nnte.<\/p>\n\n\n\n<div class=\"wp-block-stackable-heading stk-block-heading stk-block-heading--v2 stk-block stk-7ee98d5\" id=\"loschung-von-daten\" data-block-id=\"7ee98d5\"><h2 class=\"stk-block-heading__text\">L\u00f6schung von Daten<\/h2><\/div>\n\n\n\n<p>Die von uns verarbeiteten Daten werden nach Massgabe der Art. 17 und 18 DSGVO gel\u00f6scht oder in ihrer Verarbeitung eingeschr\u00e4nkt. Sofern nicht ausdr\u00fccklich im Rahmen dieser Datenschutzerkl\u00e4rung angegeben, werden die bei uns gespeicherten Daten gel\u00f6scht, sobald sie f\u00fcr ihre Zweckbestimmung nicht mehr erforderlich sind und der L\u00f6schung keine gesetzlichen Aufbewahrungspflichten entgegenstehen. Sofern die Daten nicht gel\u00f6scht werden, weil sie f\u00fcr andere und gesetzlich zul\u00e4ssige Zwecke erforderlich sind, wird deren Verarbeitung eingeschr\u00e4nkt. Das bedeutet, die Daten werden gesperrt und nicht f\u00fcr andere Zwecke verarbeitet. Das gilt z. B. f\u00fcr Daten, die aus handels- oder steuerrechtlichen Gr\u00fcnden aufbewahrt werden m\u00fcssen.<\/p>\n\n\n\n<div class=\"wp-block-stackable-heading stk-block-heading stk-block-heading--v2 stk-block stk-d678846\" id=\"geschaftsbezogene-verarbeitung\" data-block-id=\"d678846\"><h2 class=\"stk-block-heading__text\">Gesch\u00e4ftsbezogene Verarbeitung<\/h2><\/div>\n\n\n\n<p>Zus\u00e4tzlich verarbeiten wir:<\/p>\n\n\n\n<p>Vertragsdaten (z. B., Vertragsgegenstand, Laufzeit, Kundenkategorie)<br>Zahlungsdaten (z. B., Bankverbindung, Zahlungshistorie)<br>von unseren Kunden, Interessenten und Gesch\u00e4ftspartnern zwecks Erbringung vertraglicher Leistungen, Service und Kundenpflege, Marketing, Werbung und Marktforschung.<\/p>\n\n\n\n<div class=\"wp-block-stackable-heading stk-block-heading stk-block-heading--v2 stk-block stk-18aac6e\" id=\"bestellabwicklung-im-onlineshop-und-kundenkonto\" data-block-id=\"18aac6e\"><h2 class=\"stk-block-heading__text\">Bestellabwicklung im Onlineshop und Kundenkonto<\/h2><\/div>\n\n\n\n<div class=\"wp-block-stackable-text stk-block-text stk-block stk-1a120f3\" data-block-id=\"1a120f3\"><p class=\"stk-block-text__text\">Wir verarbeiten die Daten unserer Kunden im Rahmen der Bestellvorg\u00e4nge in unserem Onlineshop, um ihnen die Auswahl und Bestellung der gew\u00fcnschten Produkte und Leistungen sowie deren Bezahlung und Zustellung bzw. Ausf\u00fchrung zu erm\u00f6glichen. Zu den verarbeiteten Daten geh\u00f6ren Bestandsdaten, Kommunikationsdaten, Vertragsdaten, Zahlungsdaten, und Nutzungs- und Metadaten. Die Verarbeitung erfolgt zum Zweck der Erbringung von Vertragsleistungen im Rahmen des Betriebs eines Onlineshops, der Abrechnung, Auslieferung und Kundenservices. Hierbei setzen wir Session-Cookies f\u00fcr die Speicherung des Warenkorb-Inhalts und permanente Cookies f\u00fcr die Speicherung des Login-Status ein.<\/p><\/div>\n\n\n\n<p>Die Verarbeitung erfolgt auf Grundlage des Art. 6 Abs. 1 lit. b DSGVO (Durchf\u00fchrung von Bestellvorg\u00e4ngen) und Art. 6 Abs. 1 lit. c DSGVO (gesetzlich erforderliche Archivierung). Die als erforderlich gekennzeichneten Angaben sind zur Begr\u00fcndung und Erf\u00fcllung des Vertrages notwendig. Die Daten geben wir nur im Rahmen der Auslieferung, Zahlung oder im Rahmen der gesetzlichen Erlaubnisse und Pflichten gegen\u00fcber Rechtsberatern und Beh\u00f6rden weiter. Daten werden in Drittl\u00e4ndern nur dann verarbeitet, wenn dies zur Vertragserf\u00fcllung erforderlich ist (z. B. auf Kundenwunsch bei Auslieferung oder Zahlung).<\/p>\n\n\n\n<p>Nutzer k\u00f6nnen optional ein Nutzerkonto anlegen, indem sie insbesondere ihre Bestellungen einsehen k\u00f6nnen. Im Rahmen der Registrierung werden die erforderlichen Pflichtangaben den Nutzern mitgeteilt. Die Nutzerkonten sind nicht \u00f6ffentlich und k\u00f6nnen von Suchmaschinen nicht indexiert werden. Wenn Nutzer ihr Nutzerkonto k\u00fcndigen, werden deren Daten im Hinblick auf das Nutzerkonto gel\u00f6scht, vorbehaltlich deren Aufbewahrung aus handels- oder steuerrechtlichen Gr\u00fcnden entsprechend Art. 6 Abs. 1 lit. c DSGVO notwendig ist. Angaben im Kundenkonto verbleiben bis zu dessen L\u00f6schung mit anschliessender Archivierung im Fall einer rechtlichen Verpflichtung. Es obliegt den Nutzern, ihre Daten bei erfolgter K\u00fcndigung vor dem Vertragsende zu sichern.<\/p>\n\n\n\n<p>Im Rahmen der Registrierung und erneuter Anmeldungen sowie der Inanspruchnahme unserer Onlinedienste speichern wir die IP-Adresse und den Zeitpunkt der jeweiligen Nutzerhandlung. Die Speicherung erfolgt auf Grundlage unserer berechtigten Interessen sowie der Nutzer zum Schutz vor Missbrauch und unbefugter Nutzung. Eine Weitergabe dieser Daten an Dritte erfolgt grunds\u00e4tzlich nicht, ausser sie ist zur Verfolgung unserer Anspr\u00fcche erforderlich oder es besteht hierzu eine gesetzliche Verpflichtung gem\u00e4ss Art. 6 Abs. 1 lit. c DSGVO.<\/p>\n\n\n\n<p>Die L\u00f6schung erfolgt nach Ablauf gesetzlicher Gew\u00e4hrleistungs- und vergleichbarer Pflichten. Die Erforderlichkeit der Aufbewahrung der Daten wird alle drei Jahre \u00fcberpr\u00fcft; im Fall der gesetzlichen Archivierungspflichten erfolgt die L\u00f6schung nach deren Ablauf (Ende handelsrechtlicher (6 Jahre) und steuerrechtlicher (10 Jahre) Aufbewahrungspflicht).<\/p>\n\n\n\n<div class=\"wp-block-stackable-heading stk-block-heading stk-block-heading--v2 stk-block stk-beb859d\" id=\"onlineprasenzen-in-sozialen-netzwerken\" data-block-id=\"beb859d\"><h2 class=\"stk-block-heading__text\">Onlinepr\u00e4senzen in sozialen Netzwerken<\/h2><\/div>\n\n\n\n<div class=\"wp-block-stackable-text stk-block-text stk-block stk-565ea9a\" data-block-id=\"565ea9a\"><p class=\"stk-block-text__text\">Wir unterhalten Onlinepr\u00e4senzen innerhalb sozialer Netzwerke und Plattformen, um mit den dort aktiven Kunden, Interessenten und Nutzern kommunizieren und sie dort \u00fcber unsere Leistungen informieren zu k\u00f6nnen. Beim Aufruf der jeweiligen Netzwerke und Plattformen gelten die Gesch\u00e4ftsbedingungen und die Datenverarbeitungsrichtlinien der jeweiligen Betreiber.<\/p><\/div>\n\n\n\n<p>Soweit nicht anders im Rahmen unserer Datenschutzerkl\u00e4rung angegeben, verarbeiten wir die Daten der Nutzer, sofern diese mit uns innerhalb der sozialen Netzwerke und Plattformen kommunizieren, z. B. Beitr\u00e4ge auf unseren Onlinepr\u00e4senzen verfassen oder uns Nachrichten zusenden.<\/p>\n\n\n\n<div class=\"wp-block-stackable-heading stk-block-heading stk-block-heading--v2 stk-block stk-1d51041\" id=\"datenverarbeitung-durch-die-sozialen-netzwerke\" data-block-id=\"1d51041\"><h2 class=\"stk-block-heading__text\">Datenverarbeitung durch die sozialen Netzwerke<\/h2><\/div>\n\n\n\n<p>Wenn Sie unsere Seiten auf sozialen Netzwerken besuchen, werden Ihre personenbezogenen Daten nicht nur durch uns, sondern auch durch den jeweiligen Betreiber des sozialen Netzwerks verarbeitet. Diese Betreiber verarbeiten die Daten der Nutzer in der Regel f\u00fcr Marktforschungs- und Werbezwecke. Die Betreiber k\u00f6nnen zudem Informationen \u00fcber die Nutzung unseres Onlineangebots durch die Nutzer verarbeiten und speichern, um Nutzungsprofile zu erstellen. Solche Nutzungsprofile k\u00f6nnen dazu verwendet werden, um den Nutzern innerhalb und ausserhalb der Netzwerke interessenbasierte Werbung anzuzeigen. Zu diesem Zweck werden in der Regel Cookies auf den Endger\u00e4ten der Nutzer gespeichert, in denen das Nutzungsverhalten und die Interessen der Nutzer gespeichert werden. Ferner k\u00f6nnen in den Nutzungsprofilen auch Daten unabh\u00e4ngig von den von den Nutzern verwendeten Ger\u00e4ten gespeichert werden (insbesondere, wenn die Nutzer Mitglieder der jeweiligen Plattformen sind und bei diesen eingeloggt sind).<\/p>\n\n\n\n<div class=\"wp-block-stackable-heading stk-block-heading stk-block-heading--v2 stk-block stk-0d58e13\" id=\"ihre-rechte\" data-block-id=\"0d58e13\"><h2 class=\"stk-block-heading__text\">Ihre Rechte<\/h2><\/div>\n\n\n\n<div class=\"wp-block-stackable-text stk-block-text stk-block stk-23b248a\" data-block-id=\"23b248a\"><p class=\"stk-block-text__text\">Wenn Sie Mitglied eines sozialen Netzwerks sind und nicht m\u00f6chten, dass das Netzwerk \u00fcber unsere Onlinepr\u00e4senz Daten \u00fcber Sie sammelt und mit Ihren gespeicherten Mitgliedsdaten verkn\u00fcpft, m\u00fcssen Sie sich vor der Nutzung unseres Onlineangebots bei dem entsprechenden Netzwerk ausloggen und Ihre Cookies l\u00f6schen. Die Verarbeitung der Daten durch die sozialen Netzwerke erfolgt auf Grundlage der Datenschutzbestimmungen und Nutzungsbedingungen der jeweiligen Betreiber.<\/p><\/div>\n\n\n\n<p>F\u00fcr detaillierte Informationen zur Verarbeitung und Nutzung der Daten durch die jeweiligen sozialen Netzwerke sowie Ihre diesbez\u00fcglichen Rechte und Einstellungsm\u00f6glichkeiten zum Schutz Ihrer Privatsph\u00e4re, verweisen wir auf die jeweiligen Datenschutzerkl\u00e4rungen der Netzwerke:<\/p>\n\n\n\n<p>Facebook: Datenschutzerkl\u00e4rung<br>Instagram: Datenschutzerkl\u00e4rung<br>LinkedIn: Datenschutzerkl\u00e4rung<br>Twitter\/X: Datenschutzerkl\u00e4rung<br>Einbindung von Social-Media-Plugins<\/p>\n\n\n\n<p>Wir nutzen auf Grundlage unserer berechtigten Interessen (d. h. Interesse an der Analyse, Optimierung und wirtschaftlichem Betrieb unseres Onlineangebots im Sinne des Art. 6 Abs. 1 lit. f DSGVO) Social-Media-Plugins (\u201ePlugins\u201c) von sozialen Netzwerken wie Facebook, Instagram, LinkedIn und Twitter. Diese Plugins sind auf unseren Seiten integriert und erm\u00f6glichen es den Nutzern, Inhalte direkt auf den entsprechenden Plattformen zu teilen.<\/p>\n\n\n\n<p>Wenn Sie eine Seite unseres Onlineangebots aufrufen, die ein solches Plugin enth\u00e4lt, wird eine direkte Verbindung mit den Servern des jeweiligen sozialen Netzwerks hergestellt. Der Inhalt des Plugins wird direkt vom Netzwerk an Ihren Browser \u00fcbermittelt und von diesem in die Webseite eingebunden. Dabei kann das Netzwerk Ihre IP-Adresse erheben, auch wenn Sie keinen Account bei dem Netzwerk haben oder nicht eingeloggt sind. Falls Sie in Ihrem Account eingeloggt sind, kann das Netzwerk den Besuch unserer Seite Ihrem Konto zuordnen.<\/p>\n\n\n\n<p>Weitere Informationen zur Datenerhebung und -nutzung durch die sozialen Netzwerke, Ihre diesbez\u00fcglichen Rechte und M\u00f6glichkeiten zum Schutz Ihrer Privatsph\u00e4re finden Sie in den Datenschutzrichtlinien der jeweiligen Netzwerke.<\/p>\n","protected":false},"excerpt":{"rendered":"<p>Diese Datenschutzerkl\u00e4rung informiert Sie umfassend \u00fcber die Art, den Umfang und den Zweck der Verarbeitung personenbezogener Daten (im Folgenden \u201cDaten\u201d) im Rahmen unseres Onlineangebots, einschliesslich der damit verbundenen Webseiten, Funktionen, Inhalte und externen Onlinepr\u00e4senzen wie z. B. unsere Social-Media-Profile (nachfolgend gemeinsam als \u201cOnlineangebot\u201d bezeichnet). F\u00fcr die verwendeten Begriffe, wie \u201cVerarbeitung\u201d oder \u201cVerantwortlicher\u201d, verweisen wir auf [&hellip;]<\/p>\n","protected":false},"author":1,"featured_media":0,"parent":0,"menu_order":0,"comment_status":"closed","ping_status":"open","template":"","meta":{"footnotes":""},"class_list":["post-3","page","type-page","status-publish","hentry"],"blocksy_meta":{"has_hero_section":"enabled","hero_section":"type-2","hero_elements":[{"id":"breadcrumbs","enabled":true,"__id":"YIuLgNUaIEPH4Vcz6rBTP"},{"id":"custom_title","enabled":true,"heading_tag":"h1","title":"Home","__id":"I6b_3KSO-TXKNq6FmPwuj"},{"id":"custom_description","enabled":true,"description_visibility":{"desktop":true,"tablet":true,"mobile":false},"__id":"LIxArctKsH8uu3RQ6G0Au"},{"id":"custom_meta","enabled":false,"meta_elements":[{"id":"author","enabled":true,"label":"By","has_author_avatar":"yes","avatar_size":25},{"id":"post_date","enabled":true,"label":"On","date_format_source":"default","date_format":"M j, Y"},{"id":"updated_date","enabled":false,"label":"On","date_format_source":"default","date_format":"M j, Y"},{"id":"categories","enabled":false,"label":"In","style":"simple"},{"id":"comments","enabled":true}],"page_meta_elements":{"joined":true,"articles_count":true,"comments":true},"__id":"JGbP_u_alHT2UVfntT9As"}],"pageTitleFont":{"family":"Default","variation":"Default","size":"47px","line-height":"CT_CSS_SKIP_RULE","letter-spacing":"CT_CSS_SKIP_RULE","text-transform":"CT_CSS_SKIP_RULE","text-decoration":"CT_CSS_SKIP_RULE"},"pageTitleFontColor":{"default":{"color":"#ffffff"}},"pageTitleBackground":{"background_type":"color","background_pattern":"type-1","background_image":{"attachment_id":null,"x":0,"y":0},"gradient":"linear-gradient(135deg,rgba(6,147,227,1) 0%,rgb(155,81,224) 100%)","background_repeat":"repeat","background_size":"auto","background_attachment":"scroll","patternColor":{"default":{"color":"#e5e7ea"}},"overlayColor":{"default":{"color":"CT_CSS_SKIP_RULE"}},"backgroundColor":{"default":{"color":"#0b0f14"}}},"styles_descriptor":{"styles":{"desktop":"[data-prefix=\"single_page\"] .entry-header .page-title {--theme-font-size:47px;--theme-heading-color:#ffffff;} [data-prefix=\"single_page\"] .entry-header .entry-meta {--theme-font-weight:600;--theme-text-transform:uppercase;--theme-font-size:12px;--theme-line-height:1.3;} [data-prefix=\"single_page\"] .hero-section[data-type=\"type-2\"] {background-color:#0b0f14;background-image:none;--container-padding:50px 0px;}","tablet":"","mobile":""},"google_fonts":[],"version":6}},"_links":{"self":[{"href":"https:\/\/pericom.biz\/index.php?rest_route=\/wp\/v2\/pages\/3","targetHints":{"allow":["GET"]}}],"collection":[{"href":"https:\/\/pericom.biz\/index.php?rest_route=\/wp\/v2\/pages"}],"about":[{"href":"https:\/\/pericom.biz\/index.php?rest_route=\/wp\/v2\/types\/page"}],"author":[{"embeddable":true,"href":"https:\/\/pericom.biz\/index.php?rest_route=\/wp\/v2\/users\/1"}],"replies":[{"embeddable":true,"href":"https:\/\/pericom.biz\/index.php?rest_route=%2Fwp%2Fv2%2Fcomments&post=3"}],"version-history":[{"count":1,"href":"https:\/\/pericom.biz\/index.php?rest_route=\/wp\/v2\/pages\/3\/revisions"}],"predecessor-version":[{"id":2529,"href":"https:\/\/pericom.biz\/index.php?rest_route=\/wp\/v2\/pages\/3\/revisions\/2529"}],"wp:attachment":[{"href":"https:\/\/pericom.biz\/index.php?rest_route=%2Fwp%2Fv2%2Fmedia&parent=3"}],"curies":[{"name":"wp","href":"https:\/\/api.w.org\/{rel}","templated":true}]}}