{"id":683,"date":"2022-04-28T13:45:43","date_gmt":"2022-04-28T13:45:43","guid":{"rendered":"https:\/\/startersites.io\/blocksy\/gadgets\/?page_id=3"},"modified":"2026-04-27T10:11:18","modified_gmt":"2026-04-27T10:11:18","slug":"privacy-policy-2","status":"publish","type":"page","link":"https:\/\/pericom.biz\/?page_id=683","title":{"rendered":"IMPRESSUM"},"content":{"rendered":"\n<p class=\"has-medium-font-size\">Pericom AG<br>Moskau 314B<br>8262 Ramsen<br>Schweiz<br>E-Mail: info@pericom.biz<\/p>\n\n\n\n<h2 class=\"wp-block-heading has-large-font-size\"><span style=\"color: #000000;\" class=\"stk-highlight\">Vertretungsberechtigte Personen<\/span><\/h2>\n\n\n\n<p class=\"has-medium-font-size\">Achim Gleim<\/p>\n\n\n\n<h2 class=\"wp-block-heading has-medium-font-size\">Name des Unternehmens: Pericom AG<br>Registrationsnummer: CH-440-3000429-1<br>Umsatzsteuer-Identifikationsnummer: CH-440-3000429-1 MWST<\/h2>\n\n\n\n<h2 class=\"wp-block-heading has-large-font-size\"><span style=\"color: #000000;\" class=\"stk-highlight\">Haftungsausschluss<\/span><\/h2>\n\n\n\n<p>Der Autor \u00fcbernimmt keine Gew\u00e4hr f\u00fcr die Richtigkeit, Genauigkeit, Aktualit\u00e4t, Zuverl\u00e4ssigkeit und Vollst\u00e4ndigkeit der Informationen.<br>Haftungsanspr\u00fcche gegen den Autor wegen Sch\u00e4den materieller oder immaterieller Art, die aus dem Zugriff oder der Nutzung bzw. Nichtnutzung der ver\u00f6ffentlichten Informationen, durch Missbrauch der Verbindung oder durch technische St\u00f6rungen entstanden sind, werden ausgeschlossen.<\/p>\n\n\n\n<p>Alle Angebote sind freibleibend. Der Autor beh\u00e4lt es sich ausdr\u00fccklich vor, Teile der Seiten oder das gesamte Angebot ohne gesonderte Ank\u00fcndigung zu ver\u00e4ndern, zu erg\u00e4nzen, zu l\u00f6schen oder die Ver\u00f6ffentlichung zeitweise oder endg\u00fcltig einzustellen.<\/p>\n\n\n\n<h2 class=\"wp-block-heading has-large-font-size\"><span style=\"color: #000000;\" class=\"stk-highlight\">Haftungsausschluss f\u00fcr Inhalte und Links<\/span><\/h2>\n\n\n\n<p>Verweise und Links auf Webseiten Dritter liegen ausserhalb unseres Verantwortungsbereichs. Es wird jegliche Verantwortung f\u00fcr solche Webseiten abgelehnt. Der Zugriff und die Nutzung solcher Webseiten erfolgen auf eigene Gefahr des jeweiligen Nutzers.<\/p>\n\n\n\n<h2 class=\"wp-block-heading has-large-font-size\"><span style=\"color: #000000;\" class=\"stk-highlight\">Urheberrechtserkl\u00e4rung<\/span><\/h2>\n\n\n\n<p>Die Urheber- und alle anderen Rechte an Inhalten, Bildern, Fotos oder anderen Dateien auf dieser Website, geh\u00f6ren ausschliesslich Pericom AG oder den speziell genannten Rechteinhabern. F\u00fcr die Reproduktion jeglicher Elemente ist die schriftliche Zustimmung des Urheberrechtstr\u00e4gers im Voraus einzuholen.<\/p>\n\n\n\n<p><\/p>\n","protected":false},"excerpt":{"rendered":"<p>Pericom AGMoskau 314B8262 RamsenSchweizE-Mail: info@pericom.biz Vertretungsberechtigte Personen Achim Gleim Name des Unternehmens: Pericom AGRegistrationsnummer: CH-440-3000429-1Umsatzsteuer-Identifikationsnummer: CH-440-3000429-1 MWST Haftungsausschluss Der Autor \u00fcbernimmt keine Gew\u00e4hr f\u00fcr die Richtigkeit, Genauigkeit, Aktualit\u00e4t, Zuverl\u00e4ssigkeit und Vollst\u00e4ndigkeit der Informationen.Haftungsanspr\u00fcche gegen den Autor wegen Sch\u00e4den materieller oder immaterieller Art, die aus dem Zugriff oder der Nutzung bzw. Nichtnutzung der ver\u00f6ffentlichten Informationen, durch [&hellip;]<\/p>\n","protected":false},"author":1,"featured_media":0,"parent":0,"menu_order":0,"comment_status":"closed","ping_status":"closed","template":"","meta":{"footnotes":""},"class_list":["post-683","page","type-page","status-publish","hentry"],"blocksy_meta":{"has_hero_section":"enabled","styles_descriptor":{"styles":{"desktop":"[data-prefix=\"single_page\"] .entry-header .page-title {--theme-font-size:47px;--theme-heading-color:#ffffff;} [data-prefix=\"single_page\"] .entry-header .entry-meta {--theme-font-weight:600;--theme-text-transform:uppercase;--theme-font-size:12px;--theme-line-height:1.3;} [data-prefix=\"single_page\"] .hero-section[data-type=\"type-2\"] {background-color:#0b0f14;background-image:none;--container-padding:50px 0px;}","tablet":"","mobile":""},"google_fonts":[],"version":6},"hero_section":"type-2","hero_elements":[{"id":"breadcrumbs","enabled":true,"__id":"mWepjbE1Xf7KLKuRak2Hn"},{"id":"custom_title","enabled":true,"heading_tag":"h1","title":"Home","__id":"8pfp2dteZElzcEUFWpwfQ"},{"id":"custom_description","enabled":true,"description_visibility":{"desktop":true,"tablet":true,"mobile":false},"__id":"tM-g4XXQb5j0qUj-vnw0B"},{"id":"custom_meta","enabled":false,"meta_elements":[{"id":"author","enabled":true,"label":"By","has_author_avatar":"yes","avatar_size":25},{"id":"post_date","enabled":true,"label":"On","date_format_source":"default","date_format":"M j, Y"},{"id":"updated_date","enabled":false,"label":"On","date_format_source":"default","date_format":"M j, Y"},{"id":"categories","enabled":false,"label":"In","style":"simple"},{"id":"comments","enabled":true}],"page_meta_elements":{"joined":true,"articles_count":true,"comments":true},"__id":"phfldaplqJA7LSpDcUqZB"}],"pageTitleBackground":{"background_type":"color","background_pattern":"type-1","background_image":{"attachment_id":null,"x":0,"y":0},"gradient":"linear-gradient(135deg,rgba(6,147,227,1) 0%,rgb(155,81,224) 100%)","background_repeat":"repeat","background_size":"auto","background_attachment":"scroll","patternColor":{"default":{"color":"#e5e7ea"}},"overlayColor":{"default":{"color":"CT_CSS_SKIP_RULE"}},"backgroundColor":{"default":{"color":"#0b0f14"}}},"pageTitleFontColor":{"default":{"color":"#ffffff"}},"pageTitleFont":{"family":"Default","variation":"Default","size":"47px","line-height":"CT_CSS_SKIP_RULE","letter-spacing":"CT_CSS_SKIP_RULE","text-transform":"CT_CSS_SKIP_RULE","text-decoration":"CT_CSS_SKIP_RULE"}},"_links":{"self":[{"href":"https:\/\/pericom.biz\/index.php?rest_route=\/wp\/v2\/pages\/683","targetHints":{"allow":["GET"]}}],"collection":[{"href":"https:\/\/pericom.biz\/index.php?rest_route=\/wp\/v2\/pages"}],"about":[{"href":"https:\/\/pericom.biz\/index.php?rest_route=\/wp\/v2\/types\/page"}],"author":[{"embeddable":true,"href":"https:\/\/pericom.biz\/index.php?rest_route=\/wp\/v2\/users\/1"}],"replies":[{"embeddable":true,"href":"https:\/\/pericom.biz\/index.php?rest_route=%2Fwp%2Fv2%2Fcomments&post=683"}],"version-history":[{"count":5,"href":"https:\/\/pericom.biz\/index.php?rest_route=\/wp\/v2\/pages\/683\/revisions"}],"predecessor-version":[{"id":2916,"href":"https:\/\/pericom.biz\/index.php?rest_route=\/wp\/v2\/pages\/683\/revisions\/2916"}],"wp:attachment":[{"href":"https:\/\/pericom.biz\/index.php?rest_route=%2Fwp%2Fv2%2Fmedia&parent=683"}],"curies":[{"name":"wp","href":"https:\/\/api.w.org\/{rel}","templated":true}]}}