{"id":688,"date":"2026-04-20T08:16:29","date_gmt":"2026-04-20T08:16:29","guid":{"rendered":"https:\/\/startersites.io\/blocksy\/gadgets\/?page_id=10"},"modified":"2026-04-27T10:15:42","modified_gmt":"2026-04-27T10:15:42","slug":"refund_returns-2","status":"publish","type":"page","link":"https:\/\/pericom.biz\/?page_id=688","title":{"rendered":"Lieferbedingungen"},"content":{"rendered":"\n<div class=\"wp-block-stackable-heading stk-block-heading stk-block-heading--v2 stk-block stk-6402b41\" id=\"allgemeine-liefer-und-leihbedingungen-der-pericom-ag\" data-block-id=\"6402b41\"><style>.stk-6402b41 {margin-bottom:50px !important;}.stk-6402b41 .stk-block-heading__text{font-size:var(--stk--preset--font-size--large, 30px) !important;}@media screen and (max-width:999px){.stk-6402b41 .stk-block-heading__text{font-size:var(--stk--preset--font-size--large, 30px) !important;}}<\/style><h3 class=\"stk-block-heading__text\">Allgemeine Liefer \u2013 und Leihbedingungen der Pericom AG<\/h3><\/div>\n\n\n\n<div class=\"wp-block-stackable-heading stk-block-heading stk-block-heading--v2 stk-block stk-c11a6fb\" id=\"1-verbindlichkeit\" data-block-id=\"c11a6fb\"><style>.stk-c11a6fb .stk-block-heading__text{font-size:var(--stk--preset--font-size--medium, 20px) !important;}@media screen and (max-width:999px){.stk-c11a6fb .stk-block-heading__text{font-size:var(--stk--preset--font-size--medium, 20px) !important;}}<\/style><h4 class=\"stk-block-heading__text\">1. Verbindlichkeit<\/h4><\/div>\n\n\n\n<p>Diese allgemeinen Lieferbedingungen gelten in allen Punkten, welche nicht gegenseitig schriftlich oder in anderer Weise geregelt sind.<\/p>\n\n\n\n<div class=\"wp-block-stackable-heading stk-block-heading stk-block-heading--v2 stk-block stk-8135ef3\" id=\"2-ausfuhrung-der-lieferung\" data-block-id=\"8135ef3\"><style>.stk-8135ef3 .stk-block-heading__text{font-size:var(--stk--preset--font-size--medium, 20px) !important;}@media screen and (max-width:999px){.stk-8135ef3 .stk-block-heading__text{font-size:var(--stk--preset--font-size--medium, 20px) !important;}}<\/style><h4 class=\"stk-block-heading__text\">2.Ausf\u00fchrung der Lieferung<\/h4><\/div>\n\n\n\n<p>Gegen\u00fcber unseren technischen Angaben bleiben Verbesserungen, notwendige \u00c4nderungen sowie unwesentliche Abweichungen entsch\u00e4digungslos vorbehalten. Teillieferungen und die Weitervergabe an Unterlieferanten sind zul\u00e4ssig.<\/p>\n\n\n\n<p>Unter vertragsgem\u00e4\u00dfer Ausf\u00fchrung ist das Erf\u00fcllen der in unserem Datenblatt bzw. in der vereinbarten Kundenspezifikation angegebenen Werte zu verstehen. Der Besteller ist f\u00fcr die Auswahl und den Gebrauch unserer Produkte und f\u00fcr die damit erzielten Resultate selbst verantwortlich. Von der Garantie ausgeschlossen sind Sch\u00e4den infolge Abnutzung, Missachtung von Betriebsvorschriften, \u00fcberm\u00e4\u00dfiger oder allgemein unsachgem\u00e4\u00dfer Beanspruchung, ungeeigneter Betriebsmittel, chemischer oder elektrolytischer Einfl\u00fcsse sowie infolge anderer Gr\u00fcnde, die wir nicht zu vertreten haben. Die Garantie erlischt, wenn der Besteller oder Dritte \u00c4nderungen oder Reparaturen an der Lieferung vornehmen. Die Garantiezeit betr\u00e4gt 12 Monate, gerechnet ab dem Lieferdatum. Allf\u00e4llige andere oder weitergehende Gew\u00e4hrleistungs- und Haftungsanspr\u00fcche des Bestellers sind ausschlie\u00dflich nach Ziffer 12 dieser Allgemeinen Lieferbedingungen zu beurteilen.<\/p>\n\n\n\n<div class=\"wp-block-stackable-heading stk-block-heading stk-block-heading--v2 stk-block stk-63d172c\" id=\"3-preise\" data-block-id=\"63d172c\"><style>.stk-63d172c .stk-block-heading__text{font-size:var(--stk--preset--font-size--medium, 20px) !important;}@media screen and (max-width:999px){.stk-63d172c .stk-block-heading__text{font-size:var(--stk--preset--font-size--medium, 20px) !important;}}<\/style><h4 class=\"stk-block-heading__text\">3.Preise<\/h4><\/div>\n\n\n\n<p>Unsere Preise verstehen sich netto ab Werk oder Lager, zzgl. Verpackung, in Euro.<\/p>\n\n\n\n<p>S\u00e4mtliche Nebenkosten f\u00fcr Bankspesen, Versand, Versicherung, Bewilligung sowie f\u00fcr Abnahme, Beglaubigungen und dgl. werden dem Besteller zus\u00e4tzlich belastet. Ebenso hat der Besteller alle Arten von Steuern, Abgaben, Geb\u00fchren und Z\u00f6llen zu tragen.<\/p>\n\n\n\n<div class=\"wp-block-stackable-heading stk-block-heading stk-block-heading--v2 stk-block stk-28b223b\" id=\"4-zahlungsbedingungen\" data-block-id=\"28b223b\"><style>.stk-28b223b .stk-block-heading__text{font-size:var(--stk--preset--font-size--medium, 20px) !important;}@media screen and (max-width:999px){.stk-28b223b .stk-block-heading__text{font-size:var(--stk--preset--font-size--medium, 20px) !important;}}<\/style><h4 class=\"stk-block-heading__text\">4. Zahlungsbedingungen<\/h4><\/div>\n\n\n\n<p>Zahlungen sind innerhalb 30 Tagen nach Rechnungsdatum zu leisten, auch wenn Teilleistungen fakturiert werden. Nach Ablauf dieser Frist wird ein Verzugszins von 12% berechnet. Bei Nichteinhaltung eines Zahlungstermins haben wir das Recht, jederzeit mit oder ohne Nachfrist die Vertragserf\u00fcllung zu unterbrechen, vom Vertrag zur\u00fcckzutreten, die gelieferten Gegenst\u00e4nde zur\u00fcckzufordern sowie Schadenersatz zu verlangen. Wir behalten uns in allen F\u00e4llen vor, bei der Ablieferung Barzahlung oder eine Bankgarantie zu verlangen oder die Lieferung per Nachnahme zu versenden.<\/p>\n\n\n\n<div class=\"wp-block-stackable-heading stk-block-heading stk-block-heading--v2 stk-block stk-3b32650\" id=\"5-nutzen-und-gefahr\" data-block-id=\"3b32650\"><style>.stk-3b32650 .stk-block-heading__text{font-size:var(--stk--preset--font-size--medium, 20px) !important;}@media screen and (max-width:999px){.stk-3b32650 .stk-block-heading__text{font-size:var(--stk--preset--font-size--medium, 20px) !important;}}<\/style><h4 class=\"stk-block-heading__text\">5. Nutzen und Gefahr<\/h4><\/div>\n\n\n\n<ul class=\"wp-block-list\">\n<li><\/li>\n<\/ul>\n\n\n\n<p>Nutzen und Gefahr gehen sp\u00e4testens bei Abhol- oder Versandbereitschaft in unserem Werk oder Lager auf den Besteller \u00fcber.<\/p>\n\n\n\n<div class=\"wp-block-stackable-heading stk-block-heading stk-block-heading--v2 stk-block stk-ba3d72b\" id=\"6-versand-und-versicherung\" data-block-id=\"ba3d72b\"><style>.stk-ba3d72b .stk-block-heading__text{font-size:var(--stk--preset--font-size--medium, 20px) !important;}@media screen and (max-width:999px){.stk-ba3d72b .stk-block-heading__text{font-size:var(--stk--preset--font-size--medium, 20px) !important;}}<\/style><h4 class=\"stk-block-heading__text\">6. Versand und Versicherung<\/h4><\/div>\n\n\n\n<p>Der Versand erfolgt durch uns nach bestem Ermessen mit einem geeigneten Transportmittel auf Gefahr und Rechnung des Bestellers. Die Versicherung gegen Sch\u00e4den aller Art ist Sache des Bestellers. Wird sie durch uns besorgt, so gilt sie als im Auftrag und f\u00fcr Rechnung des Bestellers abgeschlossen. Bei Besch\u00e4digungen oder Verlust des Transportgutes hat der Besteller selbst bei Empfangnahme Anzeige an die Transportanstalt und die Versicherung mit Kopie an uns zu machen.<\/p>\n\n\n\n<div class=\"wp-block-stackable-heading stk-block-heading stk-block-heading--v2 stk-block stk-91e2e54\" id=\"7-lieferfrist\" data-block-id=\"91e2e54\"><style>.stk-91e2e54 .stk-block-heading__text{font-size:var(--stk--preset--font-size--medium, 20px) !important;}@media screen and (max-width:999px){.stk-91e2e54 .stk-block-heading__text{font-size:var(--stk--preset--font-size--medium, 20px) !important;}}<\/style><h4 class=\"stk-block-heading__text\">7. Lieferfrist<\/h4><\/div>\n\n\n\n<p>Verbindlich sind die von uns schriftlich angegebenen Lieferfristen. Diese verl\u00e4ngern sich, wenn Unterlagen des Bestellers, Vorauszahlungen, notwendige Bewilligungen, usw. nicht rechtzeitig bei uns eintreffen. Bei Verz\u00f6gerungen in der Ablieferung kann der Besteller nach erfolglosem Ablauf einer uns schriftlich angesetzten angemessenen Nachfrist (mind. ein Viertel der Lieferfrist) vom Vertrag zur\u00fcckzutreten. Eine allf\u00e4llige Haftung wegen Lieferverzug richtet sich nach Ziffer 12 dieser Allgemeine Lieferbedingungen. Ersatzvornahme ist ausgeschlossen. Verz\u00f6gern sich jedoch Versand oder Abholung ohne unseres Verschulden, so lagern wir die Liefergegenst\u00e4nde auf Rechnung und Gefahr des Bestellers; wir k\u00f6nnen sie aber auch ohne richterliche Erm\u00e4chtigung hinterlegen oder an Dritte verkaufen sowie Schadenersatz verlangen. Der Besteller ist in diesem Fall nicht berechtigt, seine Zahlungen zur\u00fcckzuhalten.<\/p>\n\n\n\n<div class=\"wp-block-stackable-heading stk-block-heading stk-block-heading--v2 stk-block stk-bda41e4\" id=\"8-beanstandungen-mangelrugen\" data-block-id=\"bda41e4\"><style>.stk-bda41e4 .stk-block-heading__text{font-size:var(--stk--preset--font-size--medium, 20px) !important;}@media screen and (max-width:999px){.stk-bda41e4 .stk-block-heading__text{font-size:var(--stk--preset--font-size--medium, 20px) !important;}}<\/style><h4 class=\"stk-block-heading__text\">8. Beanstandungen, M\u00e4ngelr\u00fcgen<\/h4><\/div>\n\n\n\n<p>Der Besteller hat die Lieferung sofort zu pr\u00fcfen und uns Beanstandungen betreffend Menge, Ausf\u00fchrung und M\u00e4ngel der Lieferung unverz\u00fcglich schriftlich zu melden. Versteckte M\u00e4ngel sind sofort bei deren Auftreten schriftlich zu r\u00fcgen. Unterbleiben solche Meldungen, so gelten die Lieferung und allf\u00e4llige M\u00e4ngel als genehmigt.<\/p>\n\n\n\n<div class=\"wp-block-stackable-heading stk-block-heading stk-block-heading--v2 stk-block stk-6911522\" id=\"9-garantie\" data-block-id=\"6911522\"><style>.stk-6911522 .stk-block-heading__text{font-size:var(--stk--preset--font-size--medium, 20px) !important;}@media screen and (max-width:999px){.stk-6911522 .stk-block-heading__text{font-size:var(--stk--preset--font-size--medium, 20px) !important;}}<\/style><h4 class=\"stk-block-heading__text\">9. Garantie<\/h4><\/div>\n\n\n\n<p>Alle Teile, die erheblich von der vertragsm\u00e4\u00dfigen Ausf\u00fchrung abweichen, oder die nachweisbar infolge schlechten Materials, fehlerhafter Konstruktion oder mangelhafter Ausf\u00fchrung schadhaft oder unbrauchbar werden, werden von uns kostenlos nach unserer Wahl ausgetauscht oder ausgebessert. In besonderen F\u00e4llen behalten wir uns die R\u00fcckerstattung oder Minderung des Kaufpreises vor.<\/p>\n\n\n\n<div class=\"wp-block-stackable-heading stk-block-heading stk-block-heading--v2 stk-block stk-4587d16\" id=\"10-geistiges-eigentum-geheimhaltung\" data-block-id=\"4587d16\"><style>.stk-4587d16 .stk-block-heading__text{font-size:var(--stk--preset--font-size--medium, 20px) !important;}@media screen and (max-width:999px){.stk-4587d16 .stk-block-heading__text{font-size:var(--stk--preset--font-size--medium, 20px) !important;}}<\/style><h4 class=\"stk-block-heading__text\">10. Geistiges Eigentum \/ Geheimhaltung<\/h4><\/div>\n\n\n\n<p>Die gelieferten Gegenst\u00e4nde bleiben bis zum vollst\u00e4ndigen Eingang der Zahlungen in unserem Eigentum. Der Besteller ist verpflichtet, bei Ma\u00dfnahmen, die zum Schutze unseres Eigentums erforderlich sind, mitzuwirken.<\/p>\n\n\n\n<p>Der Besteller erwirbt mit der Lieferung keine Rechte an unserem Eigentum, wie Patent- und Urheberrechten, Muster- und Modellrechten oder Markenrechten.<\/p>\n\n\n\n<p>S\u00e4mtliche Informationen \u00fcber unsere Produkte und technische Verfahren sind als unser Gesch\u00e4ftsgeheimnis zu betrachten und vom Besteller mit allen geeigneten Mitteln zu sch\u00fctzen. Insbesondere d\u00fcrfen die abgegebenen Unterlagen weder kopiert, vervielf\u00e4ltigt, noch Dritten zug\u00e4nglich gemacht, sondern lediglich zur Erf\u00fcllung des Vertragszweckes benutzt werden.<\/p>\n\n\n\n<div class=\"wp-block-stackable-heading stk-block-heading stk-block-heading--v2 stk-block stk-b2510c8\" id=\"11-haftung\" data-block-id=\"b2510c8\"><style>.stk-b2510c8 .stk-block-heading__text{font-size:var(--stk--preset--font-size--medium, 20px) !important;}@media screen and (max-width:999px){.stk-b2510c8 .stk-block-heading__text{font-size:var(--stk--preset--font-size--medium, 20px) !important;}}<\/style><h4 class=\"stk-block-heading__text\">11. Haftung<\/h4><\/div>\n\n\n\n<p>Unsere Haftung bei Sachm\u00e4ngeln der Lieferung ist auf Behebung dieser M\u00e4ngel gem\u00e4ss Ziffer 10 dieser Allgemeinen Lieferbedingungen beschr\u00e4nkt.<\/p>\n\n\n\n<p>Dar\u00fcber hinaus und im \u00fcbrigen haften wir gegen\u00fcber dem Besteller bei Vertragsverletzungen und auch bei au\u00dferordentlichen Anspr\u00fcchen nur, sofern uns ein grobes Verschulden nachgewiesen wird.<\/p>\n\n\n\n<p>Jede weitergehende Haftung gegen\u00fcber dem Besteller oder Dritten ist ausgeschlossen.<\/p>\n\n\n\n<div class=\"wp-block-stackable-heading stk-block-heading stk-block-heading--v2 stk-block stk-b578e10\" id=\"12-leihbedingungen\" data-block-id=\"b578e10\"><style>.stk-b578e10 .stk-block-heading__text{font-size:var(--stk--preset--font-size--medium, 20px) !important;}@media screen and (max-width:999px){.stk-b578e10 .stk-block-heading__text{font-size:var(--stk--preset--font-size--medium, 20px) !important;}}<\/style><h4 class=\"stk-block-heading__text\">12. Leihbedingungen<\/h4><\/div>\n\n\n\n<p>Der Kunde wird den geliehenen Gegenstand mit der notwendigen Sorgfalt behandeln und gegen unbefugten Zugriff sichern. Er wird keine \u00c4nderungen am Leihgegenstand vornehmen, insbesondere wird er Kennungen des Herstellers nicht besch\u00e4digen oder entfernen.<\/p>\n\n\n\n<p>Der Kunde ist verpflichtet, den Leihgegenstand zum vereinbarten Zeitpunkt am Ausgabeort zur\u00fcckzugeben. Wurde kein R\u00fcckgabezeitpunkt vereinbart und ist den Umst\u00e4nden keine eindeutige Mindestleihdauer zu entnehmen, so hat er den Leihgegenstand jederzeit auf Anforderung zur\u00fcckzugeben. Wird der Leihgegenstand nicht ordnungsgem\u00e4\u00df zur\u00fcckgegeben, d.h. fehlen Zubeh\u00f6rteile wie Stecker, Kabel oder Befestigungsschrauben oder fehlt die Originalverpackung, so wird mindestens ein Pauschalbetrag von 25.- Euro verrechnet. Wird die Leihdauer \u00fcberschritten, so wird eine Miete von 5 % bezogen auf den Wert der Leihsendung pro angefangene Woche f\u00fcr den Zeitraum der \u00dcberschreitung berechnet.<\/p>\n\n\n\n<div class=\"wp-block-stackable-heading stk-block-heading stk-block-heading--v2 stk-block stk-6fa9aba\" id=\"13-gerichtsstand-anwendbares-recht\" data-block-id=\"6fa9aba\"><style>.stk-6fa9aba .stk-block-heading__text{font-size:var(--stk--preset--font-size--medium, 20px) !important;}@media screen and (max-width:999px){.stk-6fa9aba .stk-block-heading__text{font-size:var(--stk--preset--font-size--medium, 20px) !important;}}<\/style><h4 class=\"stk-block-heading__text\">13. Gerichtsstand\/Anwendbares Recht<\/h4><\/div>\n\n\n\n<p>Gerichtsstand f\u00fcr beide Teile ist Singen. Der Besteller verzichtet auf den Gerichtsstand seines Sitzes.<\/p>\n\n\n\n<p>Das Rechtsverh\u00e4ltnis untersteht dem deutschen Recht.<\/p>\n\n\n\n<p><\/p>\n","protected":false},"excerpt":{"rendered":"<p>Allgemeine Liefer \u2013 und Leihbedingungen der Pericom AG 1. Verbindlichkeit Diese allgemeinen Lieferbedingungen gelten in allen Punkten, welche nicht gegenseitig schriftlich oder in anderer Weise geregelt sind. 2.Ausf\u00fchrung der Lieferung Gegen\u00fcber unseren technischen Angaben bleiben Verbesserungen, notwendige \u00c4nderungen sowie unwesentliche Abweichungen entsch\u00e4digungslos vorbehalten. Teillieferungen und die Weitervergabe an Unterlieferanten sind zul\u00e4ssig. Unter vertragsgem\u00e4\u00dfer Ausf\u00fchrung ist [&hellip;]<\/p>\n","protected":false},"author":1,"featured_media":0,"parent":0,"menu_order":0,"comment_status":"closed","ping_status":"closed","template":"","meta":{"footnotes":""},"class_list":["post-688","page","type-page","status-publish","hentry"],"blocksy_meta":{"has_hero_section":"enabled","hero_elements":[{"id":"breadcrumbs","enabled":true,"__id":"k_OI3PAvGYjMCX_6UWLKE"},{"id":"custom_title","enabled":true,"heading_tag":"h1","title":"Home","__id":"Ey5I6kXDKb66HhuFHOGr6"},{"id":"custom_description","enabled":true,"description_visibility":{"desktop":true,"tablet":true,"mobile":false},"__id":"xW8xd6gF9mx5nEKoFdEvL"},{"id":"custom_meta","enabled":false,"meta_elements":[{"id":"author","enabled":true,"label":"By","has_author_avatar":"yes","avatar_size":25},{"id":"post_date","enabled":true,"label":"On","date_format_source":"default","date_format":"M j, Y"},{"id":"updated_date","enabled":false,"label":"On","date_format_source":"default","date_format":"M j, Y"},{"id":"categories","enabled":false,"label":"In","style":"simple"},{"id":"comments","enabled":true}],"page_meta_elements":{"joined":true,"articles_count":true,"comments":true},"__id":"rMRwadX8RyQnh8WkJ2qgG"}],"hero_section":"type-2","pageTitleFontColor":{"default":{"color":"#ffffff"}},"pageTitleFont":{"family":"Default","variation":"Default","size":"47px","line-height":"CT_CSS_SKIP_RULE","letter-spacing":"CT_CSS_SKIP_RULE","text-transform":"CT_CSS_SKIP_RULE","text-decoration":"CT_CSS_SKIP_RULE"},"pageTitleBackground":{"background_type":"color","background_pattern":"type-1","background_image":{"attachment_id":null,"x":0,"y":0},"gradient":"linear-gradient(135deg,rgba(6,147,227,1) 0%,rgb(155,81,224) 100%)","background_repeat":"repeat","background_size":"auto","background_attachment":"scroll","patternColor":{"default":{"color":"#e5e7ea"}},"overlayColor":{"default":{"color":"CT_CSS_SKIP_RULE"}},"backgroundColor":{"default":{"color":"#0b0f14"}}},"styles_descriptor":{"styles":{"desktop":"[data-prefix=\"single_page\"] .entry-header .page-title {--theme-font-size:47px;--theme-heading-color:#ffffff;} [data-prefix=\"single_page\"] .entry-header .entry-meta {--theme-font-weight:600;--theme-text-transform:uppercase;--theme-font-size:12px;--theme-line-height:1.3;} [data-prefix=\"single_page\"] .hero-section[data-type=\"type-2\"] {background-color:#0b0f14;background-image:none;--container-padding:50px 0px;}","tablet":"","mobile":""},"google_fonts":[],"version":6}},"_links":{"self":[{"href":"https:\/\/pericom.biz\/index.php?rest_route=\/wp\/v2\/pages\/688","targetHints":{"allow":["GET"]}}],"collection":[{"href":"https:\/\/pericom.biz\/index.php?rest_route=\/wp\/v2\/pages"}],"about":[{"href":"https:\/\/pericom.biz\/index.php?rest_route=\/wp\/v2\/types\/page"}],"author":[{"embeddable":true,"href":"https:\/\/pericom.biz\/index.php?rest_route=\/wp\/v2\/users\/1"}],"replies":[{"embeddable":true,"href":"https:\/\/pericom.biz\/index.php?rest_route=%2Fwp%2Fv2%2Fcomments&post=688"}],"version-history":[{"count":6,"href":"https:\/\/pericom.biz\/index.php?rest_route=\/wp\/v2\/pages\/688\/revisions"}],"predecessor-version":[{"id":2917,"href":"https:\/\/pericom.biz\/index.php?rest_route=\/wp\/v2\/pages\/688\/revisions\/2917"}],"wp:attachment":[{"href":"https:\/\/pericom.biz\/index.php?rest_route=%2Fwp%2Fv2%2Fmedia&parent=688"}],"curies":[{"name":"wp","href":"https:\/\/api.w.org\/{rel}","templated":true}]}}