{"id":1515,"date":"2026-04-16T13:55:39","date_gmt":"2026-04-16T13:55:39","guid":{"rendered":"https:\/\/pericom.biz\/?post_type=product&#038;p=1515"},"modified":"2026-04-16T14:25:08","modified_gmt":"2026-04-16T14:25:08","slug":"komplett-gekapselter-18-5-edelstahl-pc-st198","status":"publish","type":"product","link":"https:\/\/pericom.biz\/?product=komplett-gekapselter-18-5-edelstahl-pc-st198","title":{"rendered":"Komplett gekapselter 18.5&#8243; Edelstahl-PC ST198"},"content":{"rendered":"<p>Der ST198 ist ein komplett gekapselter 18.5-Zoll Edelstahl-PC, der speziell f\u00fcr anspruchsvolle Umgebungen entwickelt wurde. Mit seiner robusten Konstruktion und der Zertifizierung nach IP67\/69K ist er gegen das Eindringen von Staub und Wasser gesch\u00fctzt und somit ideal f\u00fcr den Einsatz in industriellen Umgebungen geeignet. Das 18.5-Zoll TFT-Display mit Projected Capacitive Touch (PCT) bietet eine pr\u00e4zise und benutzerfreundliche Bedienung. Angetrieben von einem Intel Core Celeron J6412 Prozessor mit 2 GHz bietet der ST198 zuverl\u00e4ssige Leistung f\u00fcr anspruchsvolle Anwendungen. Mit 4 GB RAM und einer 64 GB SSD bietet er ausreichend Speicherplatz und Reaktionsf\u00e4higkeit. Eine Vielzahl von Anschl\u00fcssen, darunter 2 x GB LAN, 4 x USB, 4 x COM, Line Out und HDMI, erm\u00f6glichen eine einfache Integration in bestehende Systeme. Der ST198 ist f\u00fcr einen breiten Temperaturbereich von -20\u00b0C bis 60\u00b0C ausgelegt und l\u00e4uft unter dem Betriebssystem Windows 10 IoT.<\/p>\n<h3><strong>Artikeldetails:<\/strong><\/h3>\n<table>\n<thead>\n<tr>\n<th>Eigenschaft<\/th>\n<th>Spezifikation<\/th>\n<\/tr>\n<\/thead>\n<tbody>\n<tr>\n<td>Display<\/td>\n<td>18.5&#8243; TFT mit Projected Capacitive Touch (PCT)<\/td>\n<\/tr>\n<tr>\n<td>Prozessor<\/td>\n<td>Intel Core Celeron J6412 CPU mit 2 GHz<\/td>\n<\/tr>\n<tr>\n<td>Aufl\u00f6sung<\/td>\n<td>1920 x 1080 Pixel<\/td>\n<\/tr>\n<tr>\n<td>Arbeitsspeicher<\/td>\n<td>max. 32 GB RAM<\/td>\n<\/tr>\n<tr>\n<td>Speicher<\/td>\n<td>258 GB SSD<\/td>\n<\/tr>\n<tr>\n<td>Netzwerk<\/td>\n<td>2 x GB LAN<\/td>\n<\/tr>\n<tr>\n<td>USB-Anschl\u00fcsse<\/td>\n<td>4 x USB<\/td>\n<\/tr>\n<tr>\n<td>COM-Anschl\u00fcsse<\/td>\n<td>4 x COM<\/td>\n<\/tr>\n<tr>\n<td>Audio<\/td>\n<td>Line Out<\/td>\n<\/tr>\n<tr>\n<td>Video<\/td>\n<td>HDMI port<\/td>\n<\/tr>\n<tr>\n<td>Betriebsspannung<\/td>\n<td>12..28 VDC<\/td>\n<\/tr>\n<tr>\n<td>Geh\u00e4usematerial<\/td>\n<td>Edelstahl SUS304\/316<\/td>\n<\/tr>\n<tr>\n<td>Schutzklasse<\/td>\n<td>Rundum IP66\/IP69K<\/td>\n<\/tr>\n<tr>\n<td>Betriebstemperatur<\/td>\n<td>0..10 \u00b0C, optional -20&#8230;60\u00b0C<\/td>\n<\/tr>\n<tr>\n<td>Betriebssystem<\/td>\n<td>Windows 10 IoT<\/td>\n<\/tr>\n<\/tbody>\n<\/table>\n<h2>Downloads:<\/h2>\n<p><a href=\"https:\/\/pericom.biz\/wp-content\/uploads\/woocommerce_uploads\/2024\/02\/Datasheet_PPC-Z177_en_v1.1_pericom-mdvopm.pdf\"><span style=\"color: #0000ff;\">Datenblatt PPC-Z177P<\/span><\/a><\/p>\n","protected":false},"excerpt":{"rendered":"<p>Der ST198 ist ein komplett gekapselter 18.5-Zoll Edelstahl-PC, der speziell f\u00fcr anspruchsvolle Umgebungen entwickelt wurde. Mit seiner robusten Konstruktion und der Zertifizierung nach IP67\/69K ist er gegen das Eindringen von Staub und Wasser gesch\u00fctzt und somit ideal f\u00fcr den Einsatz in industriellen Umgebungen geeignet.<\/p>\n","protected":false},"featured_media":1580,"comment_status":"closed","ping_status":"closed","template":"","meta":[],"product_brand":[],"product_cat":[82,70],"product_tag":[],"class_list":{"0":"post-1515","1":"product","2":"type-product","3":"status-publish","4":"has-post-thumbnail","6":"product_cat-edelstahl-pc","7":"product_cat-panel-pc-2","9":"first","10":"instock","11":"downloadable","12":"taxable","13":"shipping-taxable","14":"product-type-simple"},"_links":{"self":[{"href":"https:\/\/pericom.biz\/index.php?rest_route=\/wp\/v2\/product\/1515","targetHints":{"allow":["GET"]}}],"collection":[{"href":"https:\/\/pericom.biz\/index.php?rest_route=\/wp\/v2\/product"}],"about":[{"href":"https:\/\/pericom.biz\/index.php?rest_route=\/wp\/v2\/types\/product"}],"replies":[{"embeddable":true,"href":"https:\/\/pericom.biz\/index.php?rest_route=%2Fwp%2Fv2%2Fcomments&post=1515"}],"wp:featuredmedia":[{"embeddable":true,"href":"https:\/\/pericom.biz\/index.php?rest_route=\/wp\/v2\/media\/1580"}],"wp:attachment":[{"href":"https:\/\/pericom.biz\/index.php?rest_route=%2Fwp%2Fv2%2Fmedia&parent=1515"}],"wp:term":[{"taxonomy":"product_brand","embeddable":true,"href":"https:\/\/pericom.biz\/index.php?rest_route=%2Fwp%2Fv2%2Fproduct_brand&post=1515"},{"taxonomy":"product_cat","embeddable":true,"href":"https:\/\/pericom.biz\/index.php?rest_route=%2Fwp%2Fv2%2Fproduct_cat&post=1515"},{"taxonomy":"product_tag","embeddable":true,"href":"https:\/\/pericom.biz\/index.php?rest_route=%2Fwp%2Fv2%2Fproduct_tag&post=1515"}],"curies":[{"name":"wp","href":"https:\/\/api.w.org\/{rel}","templated":true}]}}