{"id":1955,"date":"2026-04-16T16:45:35","date_gmt":"2026-04-16T16:45:35","guid":{"rendered":"https:\/\/pericom.biz\/?post_type=product&#038;p=1955"},"modified":"2026-04-16T16:46:03","modified_gmt":"2026-04-16T16:46:03","slug":"unmanaged-gigabit-switch-8-ports","status":"publish","type":"product","link":"https:\/\/pericom.biz\/?product=unmanaged-gigabit-switch-8-ports","title":{"rendered":"Unmanaged Gigabit Switch 8 Ports"},"content":{"rendered":"<p>Der Unmanaged Gigabit Switch mit 8 Ports bietet eine einfache L\u00f6sung f\u00fcr den Anschluss mehrerer Ger\u00e4te in einem Netzwerk. Mit seiner Gigabit-\u00dcbertragungsrate erm\u00f6glicht er eine schnelle und zuverl\u00e4ssige Daten\u00fcbertragung. Die kompakte Bauform des Switches macht ihn ideal f\u00fcr den Einsatz in Umgebungen mit begrenztem Platzangebot. Die Switch-Architektur erm\u00f6glicht eine zuverl\u00e4ssige Daten\u00fcbertragung mit Funktionen wie Store-and-Forward, Auto-Negotiation und Auto-MDI\/MDI-X. Acht QoS-Priorit\u00e4tsqueues verbessern die Effizienz des Datenverkehrs. Zus\u00e4tzliche Netzwerkfunktionen wie LLDP und PTCP Delay-Traffic-Blocking unterst\u00fctzen PROFINET-Netzwerke. Mit einer PROFINET Conformance Class A-Zertifizierung erf\u00fcllt der Switch die Standards f\u00fcr PROFINET-Netzwerke. Er verf\u00fcgt \u00fcber eine gro\u00dfe MAC-Adresslookup-Tabelle und einen Frame-Puffer von 256 KByte f\u00fcr eine effiziente Datenverarbeitung. Die hohe Leistungsf\u00e4higkeit des Switches wird durch eine Bandbreite von 51,2 Gbps und die Unterst\u00fctzung von Jumbo-Frame-Gr\u00f6\u00dfen von bis zu 10 KByte sichergestellt.<\/p>\n<h3>Artikeldetails:<\/h3>\n<table>\n<thead>\n<tr>\n<th>Eigenschaft<\/th>\n<th>Spezifikation<\/th>\n<\/tr>\n<\/thead>\n<tbody>\n<tr>\n<td>Anzahl der Ports<\/td>\n<td>8<\/td>\n<\/tr>\n<tr>\n<td>Geschwindigkeit<\/td>\n<td>10\/100\/1000 Mbit\/s (Gigabit)<\/td>\n<\/tr>\n<tr>\n<td>\u00dcbertragungsrate<\/td>\n<td>Gigabit<\/td>\n<\/tr>\n<tr>\n<td>Architektur<\/td>\n<td>Store-and-Forward<\/td>\n<\/tr>\n<tr>\n<td>Duplexmodus<\/td>\n<td>Full-\/Half-Duplex<\/td>\n<\/tr>\n<tr>\n<td>Auto-Negotiation<\/td>\n<td>Ja<\/td>\n<\/tr>\n<tr>\n<td>Auto MDI\/MDI-X<\/td>\n<td>Ja (IEEE 802.3u Auto crossover support)<\/td>\n<\/tr>\n<tr>\n<td>QoS-Priorit\u00e4ts-Queues<\/td>\n<td>8<\/td>\n<\/tr>\n<tr>\n<td>Netzwerkprotokolle<\/td>\n<td>LLDP, PTCP Delay-Traffic blocking (f\u00fcr PROFINET)<\/td>\n<\/tr>\n<tr>\n<td>PROFINET Conformance Class<\/td>\n<td>A<\/td>\n<\/tr>\n<tr>\n<td>MAC-Adresslookup-Tabelle<\/td>\n<td>16K<\/td>\n<\/tr>\n<tr>\n<td>Frame-Puffergr\u00f6\u00dfe<\/td>\n<td>256 KByte<\/td>\n<\/tr>\n<tr>\n<td>Memory Bandbreite<\/td>\n<td>51,2 Gbps<\/td>\n<\/tr>\n<tr>\n<td>Jumbo Frame Gr\u00f6\u00dfen<\/td>\n<td>Bis zu 10 KByte<\/td>\n<\/tr>\n<\/tbody>\n<\/table>\n","protected":false},"excerpt":{"rendered":"<p>Einfacher 8-Port unmanaged Switch mit Gigabit \u00dcbertragungsrate. Sehr kompakte Bauform.<\/p>\n","protected":false},"featured_media":2014,"comment_status":"open","ping_status":"closed","template":"","meta":[],"product_brand":[],"product_cat":[24,35],"product_tag":[],"class_list":{"0":"post-1955","1":"product","2":"type-product","3":"status-publish","4":"has-post-thumbnail","6":"product_cat-industrial-ethernet","7":"product_cat-switches","9":"first","10":"instock","11":"taxable","12":"shipping-taxable","13":"product-type-simple"},"_links":{"self":[{"href":"https:\/\/pericom.biz\/index.php?rest_route=\/wp\/v2\/product\/1955","targetHints":{"allow":["GET"]}}],"collection":[{"href":"https:\/\/pericom.biz\/index.php?rest_route=\/wp\/v2\/product"}],"about":[{"href":"https:\/\/pericom.biz\/index.php?rest_route=\/wp\/v2\/types\/product"}],"replies":[{"embeddable":true,"href":"https:\/\/pericom.biz\/index.php?rest_route=%2Fwp%2Fv2%2Fcomments&post=1955"}],"wp:featuredmedia":[{"embeddable":true,"href":"https:\/\/pericom.biz\/index.php?rest_route=\/wp\/v2\/media\/2014"}],"wp:attachment":[{"href":"https:\/\/pericom.biz\/index.php?rest_route=%2Fwp%2Fv2%2Fmedia&parent=1955"}],"wp:term":[{"taxonomy":"product_brand","embeddable":true,"href":"https:\/\/pericom.biz\/index.php?rest_route=%2Fwp%2Fv2%2Fproduct_brand&post=1955"},{"taxonomy":"product_cat","embeddable":true,"href":"https:\/\/pericom.biz\/index.php?rest_route=%2Fwp%2Fv2%2Fproduct_cat&post=1955"},{"taxonomy":"product_tag","embeddable":true,"href":"https:\/\/pericom.biz\/index.php?rest_route=%2Fwp%2Fv2%2Fproduct_tag&post=1955"}],"curies":[{"name":"wp","href":"https:\/\/api.w.org\/{rel}","templated":true}]}}