{"id":1991,"date":"2026-04-16T16:45:56","date_gmt":"2026-04-16T16:45:56","guid":{"rendered":"https:\/\/pericom.biz\/?post_type=product&#038;p=1991"},"modified":"2026-04-16T16:46:14","modified_gmt":"2026-04-16T16:46:14","slug":"ethernet-test-access-point-tap-ie-100","status":"publish","type":"product","link":"https:\/\/pericom.biz\/?product=ethernet-test-access-point-tap-ie-100","title":{"rendered":"Ethernet Test Access Point TAP-IE-100"},"content":{"rendered":"<p>Der Ethernet Test Access Point (TAP-IE-100) erm\u00f6glicht eine r\u00fcckwirkungsfreie Aufzeichnung von Ethernet-Kommunikation mit Geschwindigkeiten von 10 oder 100 Mbit\/s. Durch eine sichere und passive Auskopplung der Ethernet-Telegramme erm\u00f6glicht der TAP-IE-100 die \u00dcberwachung aller 7 OSI-Schichten und spiegelt Pakete aller Gr\u00f6\u00dfen und Typen sowie VLAN-Verkehr wider. Selbst bei Spannungsausfall beeinflusst der TAP-IE-100 nicht die Ethernet-\u00dcbertragung, was eine zuverl\u00e4ssige Datenaufzeichnung gew\u00e4hrleistet.<\/p>\n<h3>Artikeldetails:<\/h3>\n<table>\n<thead>\n<tr>\n<th>Eigenschaft<\/th>\n<th>Spezifikation<\/th>\n<\/tr>\n<\/thead>\n<tbody>\n<tr>\n<td>Aufzeichnungsgeschwindigkeiten<\/td>\n<td>10 oder 100 Mbit\/s<\/td>\n<\/tr>\n<tr>\n<td>Aufzeichnungstyp<\/td>\n<td>R\u00fcckwirkungsfrei<\/td>\n<\/tr>\n<tr>\n<td>Auskopplungsmethode<\/td>\n<td>Sicher und passiv<\/td>\n<\/tr>\n<tr>\n<td>\u00dcberwachte OSI-Schichten<\/td>\n<td>Alle 7<\/td>\n<\/tr>\n<tr>\n<td>Unterst\u00fctzter Verkehr<\/td>\n<td>Pakete aller Gr\u00f6\u00dfen und Typen, VLAN-Verkehr<\/td>\n<\/tr>\n<tr>\n<td>Beeinflussung bei Spannungsausfall<\/td>\n<td>Keine<\/td>\n<\/tr>\n<\/tbody>\n<\/table>\n<h2>Downloads:<\/h2>\n<p><a href=\"https:\/\/pericom.biz\/wp-content\/uploads\/woocommerce_uploads\/2024\/02\/TAP_IE_100_Ethernet_Test_Access_Point_10100_MBit_700-800-TAP01_pericom-ttlffn.pdf\"><span style=\"color: #0000ff;\">Datenblatt TAPI-IE-100<\/span><\/a><\/p>\n","protected":false},"excerpt":{"rendered":"<p>Der Ethernet Test Access Point TAP-IE-100 erm\u00f6glicht eine r\u00fcckwirkungsfreie Aufzeichnung von Ethernet-Kommunikation mit Geschwindigkeiten von 10 oder 100 Mbit\/s. Durch sichere und passive Auskopplung der Ethernet-Telegramme erm\u00f6glicht er die \u00dcberwachung aller 7 OSI-Schichten und spiegelt Pakete aller Gr\u00f6\u00dfen und Typen sowie VLAN-Verkehr wider, ohne die Ethernet-\u00dcbertragung bei Spannungsausfall zu beeinflussen.<\/p>\n","protected":false},"featured_media":2027,"comment_status":"open","ping_status":"closed","template":"","meta":[],"product_brand":[],"product_cat":[32,24],"product_tag":[179,163,180,181,182],"class_list":{"0":"post-1991","1":"product","2":"type-product","3":"status-publish","4":"has-post-thumbnail","6":"product_cat-diagnose","7":"product_cat-industrial-ethernet","8":"product_tag-diagnose","9":"product_tag-ethernet","10":"product_tag-netzwerkdiagnose","11":"product_tag-tapie","12":"product_tag-test-access-point","14":"first","15":"instock","16":"downloadable","17":"taxable","18":"shipping-taxable","19":"product-type-simple"},"_links":{"self":[{"href":"https:\/\/pericom.biz\/index.php?rest_route=\/wp\/v2\/product\/1991","targetHints":{"allow":["GET"]}}],"collection":[{"href":"https:\/\/pericom.biz\/index.php?rest_route=\/wp\/v2\/product"}],"about":[{"href":"https:\/\/pericom.biz\/index.php?rest_route=\/wp\/v2\/types\/product"}],"replies":[{"embeddable":true,"href":"https:\/\/pericom.biz\/index.php?rest_route=%2Fwp%2Fv2%2Fcomments&post=1991"}],"wp:featuredmedia":[{"embeddable":true,"href":"https:\/\/pericom.biz\/index.php?rest_route=\/wp\/v2\/media\/2027"}],"wp:attachment":[{"href":"https:\/\/pericom.biz\/index.php?rest_route=%2Fwp%2Fv2%2Fmedia&parent=1991"}],"wp:term":[{"taxonomy":"product_brand","embeddable":true,"href":"https:\/\/pericom.biz\/index.php?rest_route=%2Fwp%2Fv2%2Fproduct_brand&post=1991"},{"taxonomy":"product_cat","embeddable":true,"href":"https:\/\/pericom.biz\/index.php?rest_route=%2Fwp%2Fv2%2Fproduct_cat&post=1991"},{"taxonomy":"product_tag","embeddable":true,"href":"https:\/\/pericom.biz\/index.php?rest_route=%2Fwp%2Fv2%2Fproduct_tag&post=1991"}],"curies":[{"name":"wp","href":"https:\/\/api.w.org\/{rel}","templated":true}]}}