{"id":2032,"date":"2026-04-16T16:46:17","date_gmt":"2026-04-16T16:46:17","guid":{"rendered":"https:\/\/pericom.biz\/?post_type=product&#038;p=2032"},"modified":"2026-04-16T16:46:22","modified_gmt":"2026-04-16T16:46:22","slug":"ras-e-400","status":"publish","type":"product","link":"https:\/\/pericom.biz\/?product=ras-e-400","title":{"rendered":"RAS-E-400"},"content":{"rendered":"<p>Der RAS-E-400 ist ein leistungsstarker Industrie-Router, der in einem robusten IP20-Metallgeh\u00e4use mit DIN-Schienenmontage untergebracht ist. Er bietet eine zuverl\u00e4ssige WAN-Verbindung \u00fcber Ethernet und verf\u00fcgt \u00fcber vier LAN-Ethernet-Ports f\u00fcr eine breite Palette von Anschlussm\u00f6glichkeiten. Die integrierte M2Me-L\u00f6sung erm\u00f6glicht eine effiziente Fern\u00fcberwachung und -steuerung, w\u00e4hrend optionale SMS- und E-Mail-Benachrichtigungen \u00fcber Collect &amp; Alert verf\u00fcgbar sind. Der Router ist auch mit EticDISPLAY kompatibel, was eine einfache Integration und \u00dcberwachung erm\u00f6glicht.<\/p>\n<h3><strong>Artikeldetails:<\/strong><\/h3>\n<table>\n<thead>\n<tr>\n<th>Eigenschaft<\/th>\n<th>Spezifikation<\/th>\n<\/tr>\n<\/thead>\n<tbody>\n<tr>\n<td>Geh\u00e4use<\/td>\n<td>IP20 Metallgeh\u00e4use, DIN Rail Montage<\/td>\n<\/tr>\n<tr>\n<td>WAN Verbindung<\/td>\n<td>Ethernet<\/td>\n<\/tr>\n<tr>\n<td>LAN Verbindung<\/td>\n<td>4 Ethernet Ports<\/td>\n<\/tr>\n<tr>\n<td>M2Me Solution<\/td>\n<td>Integriert<\/td>\n<\/tr>\n<tr>\n<td>SMS und E-Mail (Option)<\/td>\n<td>Kompatibel mit Collect &amp; Alert<\/td>\n<\/tr>\n<tr>\n<td>Kompatibilit\u00e4tsoptionen<\/td>\n<td>Collect &amp; Alert, EticDISPLAY<\/td>\n<\/tr>\n<\/tbody>\n<\/table>\n<p>&nbsp;<\/p>\n","protected":false},"excerpt":{"rendered":"<p>Der RAS-E-400 ist ein leistungsstarker Industrie-Router mit umfassender Konnektivit\u00e4t, integrierter M2Me-L\u00f6sung und optionaler Unterst\u00fctzung f\u00fcr SMS- und E-Mail-Benachrichtigungen \u00fcber Collect &amp; Alert. Er eignet sich ideal f\u00fcr Anwendungen, die eine effiziente Fern\u00fcberwachung und -steuerung erfordern, und ist kompatibel mit EticDISPLAY f\u00fcr eine einfache Integration und \u00dcberwachung.<\/p>\n","protected":false},"featured_media":2055,"comment_status":"closed","ping_status":"closed","template":"","meta":[],"product_brand":[],"product_cat":[183,191],"product_tag":[],"class_list":{"0":"post-2032","1":"product","2":"type-product","3":"status-publish","4":"has-post-thumbnail","6":"product_cat-fernwartung","7":"product_cat-machine-access-box-ras","9":"first","10":"instock","11":"downloadable","12":"taxable","13":"shipping-taxable","14":"product-type-simple"},"_links":{"self":[{"href":"https:\/\/pericom.biz\/index.php?rest_route=\/wp\/v2\/product\/2032","targetHints":{"allow":["GET"]}}],"collection":[{"href":"https:\/\/pericom.biz\/index.php?rest_route=\/wp\/v2\/product"}],"about":[{"href":"https:\/\/pericom.biz\/index.php?rest_route=\/wp\/v2\/types\/product"}],"replies":[{"embeddable":true,"href":"https:\/\/pericom.biz\/index.php?rest_route=%2Fwp%2Fv2%2Fcomments&post=2032"}],"wp:featuredmedia":[{"embeddable":true,"href":"https:\/\/pericom.biz\/index.php?rest_route=\/wp\/v2\/media\/2055"}],"wp:attachment":[{"href":"https:\/\/pericom.biz\/index.php?rest_route=%2Fwp%2Fv2%2Fmedia&parent=2032"}],"wp:term":[{"taxonomy":"product_brand","embeddable":true,"href":"https:\/\/pericom.biz\/index.php?rest_route=%2Fwp%2Fv2%2Fproduct_brand&post=2032"},{"taxonomy":"product_cat","embeddable":true,"href":"https:\/\/pericom.biz\/index.php?rest_route=%2Fwp%2Fv2%2Fproduct_cat&post=2032"},{"taxonomy":"product_tag","embeddable":true,"href":"https:\/\/pericom.biz\/index.php?rest_route=%2Fwp%2Fv2%2Fproduct_tag&post=2032"}],"curies":[{"name":"wp","href":"https:\/\/api.w.org\/{rel}","templated":true}]}}