{"id":2036,"date":"2026-04-16T16:46:18","date_gmt":"2026-04-16T16:46:18","guid":{"rendered":"https:\/\/pericom.biz\/?post_type=product&#038;p=2036"},"modified":"2026-04-16T16:46:24","modified_gmt":"2026-04-16T16:46:24","slug":"sig-vm","status":"publish","type":"product","link":"https:\/\/pericom.biz\/?product=sig-vm","title":{"rendered":"SIG-VM"},"content":{"rendered":"<p>Das SIG-VM ist ein leistungsstarkes VPN- und Sicherheitsgateway, das eine sichere und zuverl\u00e4ssige Kommunikation in Unternehmensnetzwerken erm\u00f6glicht. Mit Unterst\u00fctzung f\u00fcr VPN-Protokolle wie OpenVPN, SSL, und IPSec bietet es eine breite Palette an Optionen f\u00fcr die Einrichtung sicherer Verbindungen. Das Gateway unterst\u00fctzt bis zu 1000 VPN-Tunnel und verf\u00fcgt \u00fcber redundante Funktionen f\u00fcr maximale Ausfallsicherheit. Die Modularit\u00e4t erm\u00f6glicht es, ein zweites SIG hinzuzuf\u00fcgen, um die Anzahl der VPN-Tunnel zu erweitern. Zus\u00e4tzlich zur VPN-Funktionalit\u00e4t bietet das SIG-VM eine Firewall mit Stateful Packet Inspection, einen IP-Router und einen Remote Access Server. Ein gesichertes Portal erm\u00f6glicht den Fernzugriff \u00fcber Smartphone, Tablet und PC.<\/p>\n<h3><strong>Artikeldetails:<\/strong><\/h3>\n<table>\n<thead>\n<tr>\n<th>Eigenschaft<\/th>\n<th>Spezifikation<\/th>\n<\/tr>\n<\/thead>\n<tbody>\n<tr>\n<td>VPN<\/td>\n<td>OpenVPN, SSL Server und Client, IPSec<\/td>\n<\/tr>\n<tr>\n<td>Maximale VPNs<\/td>\n<td>Bis zu 1000<\/td>\n<\/tr>\n<tr>\n<td>Redundanz<\/td>\n<td>Ja<\/td>\n<\/tr>\n<tr>\n<td>Modularit\u00e4t<\/td>\n<td>Ja (Hinzuf\u00fcgen eines zweiten SIG)<\/td>\n<\/tr>\n<tr>\n<td>Firewall<\/td>\n<td>Stateful Packet Inspection<\/td>\n<\/tr>\n<tr>\n<td>IP Router<\/td>\n<td>Ja<\/td>\n<\/tr>\n<tr>\n<td>Remote Access<\/td>\n<td>Server<\/td>\n<\/tr>\n<tr>\n<td>Gesichertes Portal<\/td>\n<td>Ja<\/td>\n<\/tr>\n<\/tbody>\n<\/table>\n","protected":false},"excerpt":{"rendered":"<div class=\"flex-1 overflow-hidden\">\n<div class=\"react-scroll-to-bottom--css-sjwzh-79elbk h-full\">\n<div class=\"react-scroll-to-bottom--css-sjwzh-1n7m0yu\">\n<div class=\"flex flex-col pb-9 text-sm\">\n<div class=\"w-full text-token-text-primary\" data-testid=\"conversation-turn-267\">\n<div class=\"px-4 py-2 justify-center text-base md:gap-6 m-auto\">\n<div class=\"flex flex-1 text-base mx-auto gap-3 md:px-5 lg:px-1 xl:px-5 md:max-w-3xl lg:max-w-[40rem] xl:max-w-[48rem] group final-completion\">\n<div class=\"relative flex w-full flex-col agent-turn\">\n<div class=\"flex-col gap-1 md:gap-3\">\n<div class=\"flex flex-grow flex-col max-w-full\">\n<div class=\"min-h-[20px] text-message flex flex-col items-start gap-3 whitespace-pre-wrap break-words [.text-message+&amp;]:mt-5 overflow-x-auto\" data-message-author-role=\"assistant\" data-message-id=\"33fd8820-0027-4174-a292-504638f85126\">\n<div class=\"markdown prose w-full break-words dark:prose-invert dark\">\n<p>Das SIG-VM ist ein vielseitiges VPN- und Sicherheitsgateway, das bis zu 1000 VPN-Tunnel unterst\u00fctzt und redundante Funktionen f\u00fcr maximale Ausfallsicherheit bietet. Mit einer breiten Palette von VPN-Protokollen, Firewall-Funktionen und einem gesicherten Portal f\u00fcr den Fernzugriff ist es die ideale L\u00f6sung f\u00fcr Unternehmen, die eine sichere Kommunikation und Fernzugriff ben\u00f6tigen.<\/p>\n<\/div>\n<\/div>\n<\/div>\n<\/div>\n<\/div>\n<\/div>\n<\/div>\n<\/div>\n<\/div>\n<\/div>\n<\/div>\n<\/div>\n","protected":false},"featured_media":2057,"comment_status":"open","ping_status":"closed","template":"","meta":[],"product_brand":[],"product_cat":[183,192],"product_tag":[],"class_list":{"0":"post-2036","1":"product","2":"type-product","3":"status-publish","4":"has-post-thumbnail","6":"product_cat-fernwartung","7":"product_cat-vpn-server-sig","9":"first","10":"instock","11":"taxable","12":"shipping-taxable","13":"product-type-simple"},"_links":{"self":[{"href":"https:\/\/pericom.biz\/index.php?rest_route=\/wp\/v2\/product\/2036","targetHints":{"allow":["GET"]}}],"collection":[{"href":"https:\/\/pericom.biz\/index.php?rest_route=\/wp\/v2\/product"}],"about":[{"href":"https:\/\/pericom.biz\/index.php?rest_route=\/wp\/v2\/types\/product"}],"replies":[{"embeddable":true,"href":"https:\/\/pericom.biz\/index.php?rest_route=%2Fwp%2Fv2%2Fcomments&post=2036"}],"wp:featuredmedia":[{"embeddable":true,"href":"https:\/\/pericom.biz\/index.php?rest_route=\/wp\/v2\/media\/2057"}],"wp:attachment":[{"href":"https:\/\/pericom.biz\/index.php?rest_route=%2Fwp%2Fv2%2Fmedia&parent=2036"}],"wp:term":[{"taxonomy":"product_brand","embeddable":true,"href":"https:\/\/pericom.biz\/index.php?rest_route=%2Fwp%2Fv2%2Fproduct_brand&post=2036"},{"taxonomy":"product_cat","embeddable":true,"href":"https:\/\/pericom.biz\/index.php?rest_route=%2Fwp%2Fv2%2Fproduct_cat&post=2036"},{"taxonomy":"product_tag","embeddable":true,"href":"https:\/\/pericom.biz\/index.php?rest_route=%2Fwp%2Fv2%2Fproduct_tag&post=2036"}],"curies":[{"name":"wp","href":"https:\/\/api.w.org\/{rel}","templated":true}]}}