{"id":2044,"date":"2026-04-16T16:46:18","date_gmt":"2026-04-16T16:46:18","guid":{"rendered":"https:\/\/pericom.biz\/?post_type=product&#038;p=2044"},"modified":"2026-04-16T16:46:31","modified_gmt":"2026-04-16T16:46:31","slug":"micro-speicherkarte-64-kbyte","status":"publish","type":"product","link":"https:\/\/pericom.biz\/?product=micro-speicherkarte-64-kbyte","title":{"rendered":"Micro Speicherkarte 64 KByte"},"content":{"rendered":"<p>Die Helmholz Micro Memory Card mit einer Kapazit\u00e4t von 64 kByte ist speziell f\u00fcr den Einsatz in der 300er Baureihe der Siemens AG entwickelt worden. Diese Speicherkarte erm\u00f6glicht eine sofortige Kosteneinsparung und eine einfache Installation dank Plug-and-Play-Funktionalit\u00e4t. Sie ist direkt ab Lager lieferbar und bietet eine effiziente M\u00f6glichkeit zur Erweiterung des Speicherplatzes f\u00fcr Siemens-Steuerungssysteme.<\/p>\n<h3><strong>Artikeldetails:<\/strong><\/h3>\n<table>\n<thead>\n<tr>\n<th>Eigenschaft<\/th>\n<th>Spezifikation<\/th>\n<\/tr>\n<\/thead>\n<tbody>\n<tr>\n<td>Kompatibilit\u00e4t<\/td>\n<td>300er Baureihe der Siemens AG<\/td>\n<\/tr>\n<tr>\n<td>Speicherkapazit\u00e4t<\/td>\n<td>64 kByte<\/td>\n<\/tr>\n<tr>\n<td>Installation<\/td>\n<td>Plug and Play<\/td>\n<\/tr>\n<tr>\n<td>Lieferzeit<\/td>\n<td>Direkt ab Lager verf\u00fcgbar<\/td>\n<\/tr>\n<\/tbody>\n<\/table>\n<h2>Downloads:<\/h2>\n<p><a href=\"https:\/\/pericom.biz\/wp-content\/uploads\/woocommerce_uploads\/2024\/02\/Micro_Memory_Card_64_kByte_700-953-8LF31_pericom-7ayedx.pdf\">Datenblatt 700-953-8LF31<\/a><\/p>\n","protected":false},"excerpt":{"rendered":"<p>Die Micro Speicherkarte 64 KByte von Helmholz ist eine Plug-and-Play-Erweiterung f\u00fcr die Siemens AG 300er Serie, die sofortige Kosteneinsparungen erm\u00f6glicht und direkt ab Lager lieferbar ist.<\/p>\n","protected":false},"featured_media":2064,"comment_status":"open","ping_status":"closed","template":"","meta":[],"product_brand":[],"product_cat":[194,195],"product_tag":[202,203,204,205,200],"class_list":{"0":"post-2044","1":"product","2":"type-product","3":"status-publish","4":"has-post-thumbnail","6":"product_cat-s7-komponenten-2","7":"product_cat-s7-speicherkarten","8":"product_tag-64k","9":"product_tag-700-953-8lf31","10":"product_tag-micro-memory","11":"product_tag-s7-300","12":"product_tag-siemens-speicherkarte","14":"first","15":"instock","16":"downloadable","17":"taxable","18":"shipping-taxable","19":"product-type-simple"},"_links":{"self":[{"href":"https:\/\/pericom.biz\/index.php?rest_route=\/wp\/v2\/product\/2044","targetHints":{"allow":["GET"]}}],"collection":[{"href":"https:\/\/pericom.biz\/index.php?rest_route=\/wp\/v2\/product"}],"about":[{"href":"https:\/\/pericom.biz\/index.php?rest_route=\/wp\/v2\/types\/product"}],"replies":[{"embeddable":true,"href":"https:\/\/pericom.biz\/index.php?rest_route=%2Fwp%2Fv2%2Fcomments&post=2044"}],"wp:featuredmedia":[{"embeddable":true,"href":"https:\/\/pericom.biz\/index.php?rest_route=\/wp\/v2\/media\/2064"}],"wp:attachment":[{"href":"https:\/\/pericom.biz\/index.php?rest_route=%2Fwp%2Fv2%2Fmedia&parent=2044"}],"wp:term":[{"taxonomy":"product_brand","embeddable":true,"href":"https:\/\/pericom.biz\/index.php?rest_route=%2Fwp%2Fv2%2Fproduct_brand&post=2044"},{"taxonomy":"product_cat","embeddable":true,"href":"https:\/\/pericom.biz\/index.php?rest_route=%2Fwp%2Fv2%2Fproduct_cat&post=2044"},{"taxonomy":"product_tag","embeddable":true,"href":"https:\/\/pericom.biz\/index.php?rest_route=%2Fwp%2Fv2%2Fproduct_tag&post=2044"}],"curies":[{"name":"wp","href":"https:\/\/api.w.org\/{rel}","templated":true}]}}