{"id":2045,"date":"2026-04-16T16:46:18","date_gmt":"2026-04-16T16:46:18","guid":{"rendered":"https:\/\/pericom.biz\/?post_type=product&#038;p=2045"},"modified":"2026-04-16T16:46:32","modified_gmt":"2026-04-16T16:46:32","slug":"speicherkarte-256-mbyte","status":"publish","type":"product","link":"https:\/\/pericom.biz\/?product=speicherkarte-256-mbyte","title":{"rendered":"Speicherkarte 256 MByte"},"content":{"rendered":"<p>Die Helmholz Memory Card mit einer Kapazit\u00e4t von 256 MByte wurde speziell f\u00fcr den Einsatz in der 1200\/1500er Baureihe der Siemens AG entwickelt. Diese Speicherkarte erm\u00f6glicht eine sofortige Kosteneinsparung und eine einfache Installation dank Plug-and-Play-Funktionalit\u00e4t. Sie ist direkt ab Lager lieferbar und bietet eine effiziente M\u00f6glichkeit zur Erweiterung des Speicherplatzes f\u00fcr Siemens-Steuerungssysteme.<\/p>\n<h3><strong>Artikeldetails:<\/strong><\/h3>\n<table>\n<thead>\n<tr>\n<th>Eigenschaft<\/th>\n<th>Spezifikation<\/th>\n<\/tr>\n<\/thead>\n<tbody>\n<tr>\n<td>Kompatibilit\u00e4t<\/td>\n<td>1200\/1500er Baureihe der Siemens AG<\/td>\n<\/tr>\n<tr>\n<td>Speicherkapazit\u00e4t<\/td>\n<td>256 MByte<\/td>\n<\/tr>\n<tr>\n<td>Installation<\/td>\n<td>Plug and Play<\/td>\n<\/tr>\n<tr>\n<td>Lieferzeit<\/td>\n<td>Direkt ab Lager verf\u00fcgbar<\/td>\n<\/tr>\n<\/tbody>\n<\/table>\n<h2>Downloads:<\/h2>\n<p><a href=\"https:\/\/pericom.biz\/wp-content\/uploads\/woocommerce_uploads\/2024\/02\/Memory_Card_256_MByte_700-954-8LL03_pericom-r32h2f.pdf\">Datenblatt 700-954-8LL03<\/a><\/p>\n","protected":false},"excerpt":{"rendered":"<p>Die Speicherkarte 256 MByte von Helmholz ist eine Plug-and-Play-Erweiterung f\u00fcr die Siemens AG 1200\/1500er Serie, die sofortige Kosteneinsparungen erm\u00f6glicht und direkt ab Lager lieferbar ist.<\/p>\n","protected":false},"featured_media":2066,"comment_status":"open","ping_status":"closed","template":"","meta":[],"product_brand":[],"product_cat":[194,195],"product_tag":[206,207,198,199,200,201],"class_list":{"0":"post-2045","1":"product","2":"type-product","3":"status-publish","4":"has-post-thumbnail","6":"product_cat-s7-komponenten-2","7":"product_cat-s7-speicherkarten","8":"product_tag-256-mb","9":"product_tag-700-954-8ll03","10":"product_tag-memory-karte","11":"product_tag-s71200-1500","12":"product_tag-siemens-speicherkarte","13":"product_tag-speicherkarte","15":"first","16":"instock","17":"downloadable","18":"taxable","19":"shipping-taxable","20":"product-type-simple"},"_links":{"self":[{"href":"https:\/\/pericom.biz\/index.php?rest_route=\/wp\/v2\/product\/2045","targetHints":{"allow":["GET"]}}],"collection":[{"href":"https:\/\/pericom.biz\/index.php?rest_route=\/wp\/v2\/product"}],"about":[{"href":"https:\/\/pericom.biz\/index.php?rest_route=\/wp\/v2\/types\/product"}],"replies":[{"embeddable":true,"href":"https:\/\/pericom.biz\/index.php?rest_route=%2Fwp%2Fv2%2Fcomments&post=2045"}],"wp:featuredmedia":[{"embeddable":true,"href":"https:\/\/pericom.biz\/index.php?rest_route=\/wp\/v2\/media\/2066"}],"wp:attachment":[{"href":"https:\/\/pericom.biz\/index.php?rest_route=%2Fwp%2Fv2%2Fmedia&parent=2045"}],"wp:term":[{"taxonomy":"product_brand","embeddable":true,"href":"https:\/\/pericom.biz\/index.php?rest_route=%2Fwp%2Fv2%2Fproduct_brand&post=2045"},{"taxonomy":"product_cat","embeddable":true,"href":"https:\/\/pericom.biz\/index.php?rest_route=%2Fwp%2Fv2%2Fproduct_cat&post=2045"},{"taxonomy":"product_tag","embeddable":true,"href":"https:\/\/pericom.biz\/index.php?rest_route=%2Fwp%2Fv2%2Fproduct_tag&post=2045"}],"curies":[{"name":"wp","href":"https:\/\/api.w.org\/{rel}","templated":true}]}}