{"id":2090,"date":"2026-04-16T16:46:41","date_gmt":"2026-04-16T16:46:41","guid":{"rendered":"https:\/\/pericom.biz\/?post_type=product&#038;p=2090"},"modified":"2026-04-16T16:47:02","modified_gmt":"2026-04-16T16:47:02","slug":"dea300-24dc-0-5a-16-ausgange","status":"publish","type":"product","link":"https:\/\/pericom.biz\/?product=dea300-24dc-0-5a-16-ausgange","title":{"rendered":"DEA300-24DC, 0.5A, 16 Ausg\u00e4nge"},"content":{"rendered":"<p>Die DEA300-24DC ist eine digitale Ausgangsbaugruppe f\u00fcr S7-300, die mit 16 digitalen Ausg\u00e4ngen ausgestattet ist. Jeder Ausgang bietet eine Spannung von 24 VDC und eine Stromst\u00e4rke von 0.5A. Durch die galvanische Trennung mittels Optokoppler wird eine zuverl\u00e4ssige Signal\u00fcbertragung gew\u00e4hrleistet. Die Baugruppe ist f\u00fcr den Betrieb in Umgebungen mit Temperaturen von 0 bis 60\u00b0C geeignet.<\/p>\n<h3><strong>Artikeldetails:<\/strong><\/h3>\n<table>\n<thead>\n<tr>\n<th>Eigenschaft<\/th>\n<th>Spezifikation<\/th>\n<\/tr>\n<\/thead>\n<tbody>\n<tr>\n<td>Anzahl digitale Ausg\u00e4nge<\/td>\n<td>16<\/td>\n<\/tr>\n<tr>\n<td>Spannung<\/td>\n<td>24 VDC<\/td>\n<\/tr>\n<tr>\n<td>Stromst\u00e4rke<\/td>\n<td>0.5A<\/td>\n<\/tr>\n<tr>\n<td>Galvanische Trennung<\/td>\n<td>Optokoppler<\/td>\n<\/tr>\n<tr>\n<td>Betriebstemperatur<\/td>\n<td>0 bis 60\u00b0C<\/td>\n<\/tr>\n<\/tbody>\n<\/table>\n<h2>Downloads:<\/h2>\n<p><a href=\"https:\/\/pericom.biz\/wp-content\/uploads\/woocommerce_uploads\/2024\/02\/8_Eingnge_DC_24_V8_Ausgnge_DC_24_V_05_A_700-323-1BH01_pericom-8ppj18.pdf\">Datenblatt 700-322-1BH01<\/a><\/p>\n","protected":false},"excerpt":{"rendered":"<p>Die DEA300-24DC ist eine digitale Ausgangsbaugruppe mit 16 Ausg\u00e4ngen f\u00fcr S7-300. Jeder Ausgang bietet eine Spannung von 24 VDC und eine Stromst\u00e4rke von 0.5A, und die Baugruppe gew\u00e4hrleistet eine zuverl\u00e4ssige Signal\u00fcbertragung durch galvanische Trennung mittels Optokoppler.<\/p>\n","protected":false},"featured_media":2133,"comment_status":"open","ping_status":"closed","template":"","meta":[],"product_brand":[],"product_cat":[224,194],"product_tag":[],"class_list":{"0":"post-2090","1":"product","2":"type-product","3":"status-publish","4":"has-post-thumbnail","6":"product_cat-s7-e-a-baugruppen","7":"product_cat-s7-komponenten-2","9":"first","10":"instock","11":"downloadable","12":"taxable","13":"shipping-taxable","14":"product-type-simple"},"_links":{"self":[{"href":"https:\/\/pericom.biz\/index.php?rest_route=\/wp\/v2\/product\/2090","targetHints":{"allow":["GET"]}}],"collection":[{"href":"https:\/\/pericom.biz\/index.php?rest_route=\/wp\/v2\/product"}],"about":[{"href":"https:\/\/pericom.biz\/index.php?rest_route=\/wp\/v2\/types\/product"}],"replies":[{"embeddable":true,"href":"https:\/\/pericom.biz\/index.php?rest_route=%2Fwp%2Fv2%2Fcomments&post=2090"}],"wp:featuredmedia":[{"embeddable":true,"href":"https:\/\/pericom.biz\/index.php?rest_route=\/wp\/v2\/media\/2133"}],"wp:attachment":[{"href":"https:\/\/pericom.biz\/index.php?rest_route=%2Fwp%2Fv2%2Fmedia&parent=2090"}],"wp:term":[{"taxonomy":"product_brand","embeddable":true,"href":"https:\/\/pericom.biz\/index.php?rest_route=%2Fwp%2Fv2%2Fproduct_brand&post=2090"},{"taxonomy":"product_cat","embeddable":true,"href":"https:\/\/pericom.biz\/index.php?rest_route=%2Fwp%2Fv2%2Fproduct_cat&post=2090"},{"taxonomy":"product_tag","embeddable":true,"href":"https:\/\/pericom.biz\/index.php?rest_route=%2Fwp%2Fv2%2Fproduct_tag&post=2090"}],"curies":[{"name":"wp","href":"https:\/\/api.w.org\/{rel}","templated":true}]}}