{"id":2104,"date":"2026-04-16T16:46:42","date_gmt":"2026-04-16T16:46:42","guid":{"rendered":"https:\/\/pericom.biz\/?post_type=product&#038;p=2104"},"modified":"2026-04-16T16:47:16","modified_gmt":"2026-04-16T16:47:16","slug":"profilschiene-300er-serie-530-mm","status":"publish","type":"product","link":"https:\/\/pericom.biz\/?product=profilschiene-300er-serie-530-mm","title":{"rendered":"Profilschiene 300er Serie, 530 mm"},"content":{"rendered":"<p>Die Profilschiene der 300er Serie mit einer L\u00e4nge von 530 mm bietet eine robuste Montagel\u00f6sung f\u00fcr die Baureihe S7-300. Als mechanischer Baugruppentr\u00e4ger erm\u00f6glicht sie eine zuverl\u00e4ssige Befestigung von Komponenten in Schaltschr\u00e4nken oder Geh\u00e4usen. Mit ihrer stabilen Konstruktion gew\u00e4hrleistet sie eine sichere und langlebige Installation von Baugruppen, was zur Effizienz und Zuverl\u00e4ssigkeit Ihrer Anlagen beitr\u00e4gt.<\/p>\n<h3><strong>Artikeldetails:<\/strong><\/h3>\n<table>\n<thead>\n<tr>\n<th>Eigenschaft<\/th>\n<th>Spezifikation<\/th>\n<\/tr>\n<\/thead>\n<tbody>\n<tr>\n<td>Produkttyp<\/td>\n<td>Profilschiene<\/td>\n<\/tr>\n<tr>\n<td>Kompatibilit\u00e4t<\/td>\n<td>Baureihe S7-300<\/td>\n<\/tr>\n<tr>\n<td>L\u00e4nge<\/td>\n<td>530 mm<\/td>\n<\/tr>\n<\/tbody>\n<\/table>\n","protected":false},"excerpt":{"rendered":"<div class=\"flex-1 overflow-hidden\">\n<div class=\"react-scroll-to-bottom--css-bcwrn-79elbk h-full\">\n<div class=\"react-scroll-to-bottom--css-bcwrn-1n7m0yu\">\n<div class=\"flex flex-col pb-9 text-sm\">\n<div class=\"w-full text-token-text-primary\" data-testid=\"conversation-turn-369\">\n<div class=\"px-4 py-2 justify-center text-base md:gap-6 m-auto\">\n<div class=\"flex flex-1 text-base mx-auto gap-3 md:px-5 lg:px-1 xl:px-5 md:max-w-3xl lg:max-w-[40rem] xl:max-w-[48rem] group final-completion\">\n<div class=\"relative flex w-full flex-col agent-turn\">\n<div class=\"flex-col gap-1 md:gap-3\">\n<div class=\"flex flex-grow flex-col max-w-full\">\n<div class=\"min-h-[20px] text-message flex flex-col items-start gap-3 whitespace-pre-wrap break-words [.text-message+&amp;]:mt-5 overflow-x-auto\" data-message-author-role=\"assistant\" data-message-id=\"579ae133-c48a-4d48-96de-7dfbeccf83dc\">\n<div class=\"markdown prose w-full break-words dark:prose-invert dark\">\n<p>Die Profilschiene der 300er Serie mit einer L\u00e4nge von 530 mm ist eine robuste Montagel\u00f6sung, die speziell f\u00fcr die Baureihe S7-300 entwickelt wurde. Sie erm\u00f6glicht eine zuverl\u00e4ssige Befestigung von Komponenten in Schaltschr\u00e4nken oder Geh\u00e4usen.<\/p>\n<\/div>\n<\/div>\n<\/div>\n<\/div>\n<\/div>\n<\/div>\n<\/div>\n<\/div>\n<\/div>\n<\/div>\n<\/div>\n<\/div>\n","protected":false},"featured_media":2164,"comment_status":"open","ping_status":"closed","template":"","meta":[],"product_brand":[],"product_cat":[194,226],"product_tag":[],"class_list":{"0":"post-2104","1":"product","2":"type-product","3":"status-publish","4":"has-post-thumbnail","6":"product_cat-s7-komponenten-2","7":"product_cat-s7-zubehor","9":"first","10":"instock","11":"taxable","12":"shipping-taxable","13":"product-type-simple"},"_links":{"self":[{"href":"https:\/\/pericom.biz\/index.php?rest_route=\/wp\/v2\/product\/2104","targetHints":{"allow":["GET"]}}],"collection":[{"href":"https:\/\/pericom.biz\/index.php?rest_route=\/wp\/v2\/product"}],"about":[{"href":"https:\/\/pericom.biz\/index.php?rest_route=\/wp\/v2\/types\/product"}],"replies":[{"embeddable":true,"href":"https:\/\/pericom.biz\/index.php?rest_route=%2Fwp%2Fv2%2Fcomments&post=2104"}],"wp:featuredmedia":[{"embeddable":true,"href":"https:\/\/pericom.biz\/index.php?rest_route=\/wp\/v2\/media\/2164"}],"wp:attachment":[{"href":"https:\/\/pericom.biz\/index.php?rest_route=%2Fwp%2Fv2%2Fmedia&parent=2104"}],"wp:term":[{"taxonomy":"product_brand","embeddable":true,"href":"https:\/\/pericom.biz\/index.php?rest_route=%2Fwp%2Fv2%2Fproduct_brand&post=2104"},{"taxonomy":"product_cat","embeddable":true,"href":"https:\/\/pericom.biz\/index.php?rest_route=%2Fwp%2Fv2%2Fproduct_cat&post=2104"},{"taxonomy":"product_tag","embeddable":true,"href":"https:\/\/pericom.biz\/index.php?rest_route=%2Fwp%2Fv2%2Fproduct_tag&post=2104"}],"curies":[{"name":"wp","href":"https:\/\/api.w.org\/{rel}","templated":true}]}}