{"id":2144,"date":"2026-04-16T16:47:03","date_gmt":"2026-04-16T16:47:03","guid":{"rendered":"https:\/\/pericom.biz\/?post_type=product&#038;p=2144"},"modified":"2026-04-16T16:47:27","modified_gmt":"2026-04-16T16:47:27","slug":"trupulse200","status":"publish","type":"product","link":"https:\/\/pericom.biz\/?product=trupulse200","title":{"rendered":"TRUPULSE200"},"content":{"rendered":"<p>Der TRUPULSE200 ist ein hochpr\u00e4ziser Laserentfernungsmesser mit integriertem Neigungsmesser, der eine Vielzahl von Messungen erm\u00f6glicht, darunter Entfernungen, Neigungen und Objekth\u00f6hen. Mit einer 7-fachen Vergr\u00f6\u00dferung und einem klaren LCD-Display im Fernrohr k\u00f6nnen Sie Ziele und Messwerte einfach und schnell erfassen. Der TRUPULSE200 eignet sich ideal f\u00fcr Vermessungsarbeiten, Bauanwendungen und andere anspruchsvolle Aufgaben, bei denen genaue Messungen erforderlich sind.<\/p>\n<h3><strong>Artikeldetails:<\/strong><\/h3>\n<table>\n<thead>\n<tr>\n<th>Eigenschaft<\/th>\n<th>Spezifikation<\/th>\n<\/tr>\n<\/thead>\n<tbody>\n<tr>\n<td>Vergr\u00f6\u00dferung<\/td>\n<td>7-fach<\/td>\n<\/tr>\n<tr>\n<td>Sehfeld<\/td>\n<td>100m\/915m Entfernung<\/td>\n<\/tr>\n<tr>\n<td>Display<\/td>\n<td>LCD Display im Fernrohr<\/td>\n<\/tr>\n<tr>\n<td>Reichweite (nicht reflektierende Ziele)<\/td>\n<td>1.000m<\/td>\n<\/tr>\n<tr>\n<td>Reichweite (reflektierende Ziele)<\/td>\n<td>2.000m<\/td>\n<\/tr>\n<tr>\n<td>Genauigkeit (Entfernung)<\/td>\n<td>\u00b1 20cm (\u00b1 1m auf schwache Ziele, wird im Display angezeigt)<\/td>\n<\/tr>\n<tr>\n<td>Genauigkeit (Neigung)<\/td>\n<td>\u00b1 0,25\u00b0<\/td>\n<\/tr>\n<tr>\n<td>Schnittstellen<\/td>\n<td>RS 232\/Serielle Schnittstelle und Bluetooth<\/td>\n<\/tr>\n<tr>\n<td>IP Schutzgrad<\/td>\n<td>IP54<\/td>\n<\/tr>\n<\/tbody>\n<\/table>\n","protected":false},"excerpt":{"rendered":"<p>Der TRUPULSE200 ist ein hochpr\u00e4ziser Laserentfernungsmesser mit integriertem Neigungsmesser, der pr\u00e4zise Messungen von Entfernungen, Neigungen und Objekth\u00f6hen erm\u00f6glicht. Mit einer 7-fachen Vergr\u00f6\u00dferung und einem klaren LCD-Display im Fernrohr bietet er eine einfache und schnelle Erfassung von Zielen und Messwerten. Mit seinem robusten Geh\u00e4use und dem IP54-Schutzgrad ist er ideal f\u00fcr anspruchsvolle Vermessungsarbeiten und Bauanwendungen geeignet.<\/p>\n","protected":false},"featured_media":2190,"comment_status":"open","ping_status":"closed","template":"","meta":[],"product_brand":[],"product_cat":[227],"product_tag":[],"class_list":{"0":"post-2144","1":"product","2":"type-product","3":"status-publish","4":"has-post-thumbnail","6":"product_cat-laserdistanzmessgerate","8":"first","9":"instock","10":"taxable","11":"shipping-taxable","12":"product-type-simple"},"_links":{"self":[{"href":"https:\/\/pericom.biz\/index.php?rest_route=\/wp\/v2\/product\/2144","targetHints":{"allow":["GET"]}}],"collection":[{"href":"https:\/\/pericom.biz\/index.php?rest_route=\/wp\/v2\/product"}],"about":[{"href":"https:\/\/pericom.biz\/index.php?rest_route=\/wp\/v2\/types\/product"}],"replies":[{"embeddable":true,"href":"https:\/\/pericom.biz\/index.php?rest_route=%2Fwp%2Fv2%2Fcomments&post=2144"}],"wp:featuredmedia":[{"embeddable":true,"href":"https:\/\/pericom.biz\/index.php?rest_route=\/wp\/v2\/media\/2190"}],"wp:attachment":[{"href":"https:\/\/pericom.biz\/index.php?rest_route=%2Fwp%2Fv2%2Fmedia&parent=2144"}],"wp:term":[{"taxonomy":"product_brand","embeddable":true,"href":"https:\/\/pericom.biz\/index.php?rest_route=%2Fwp%2Fv2%2Fproduct_brand&post=2144"},{"taxonomy":"product_cat","embeddable":true,"href":"https:\/\/pericom.biz\/index.php?rest_route=%2Fwp%2Fv2%2Fproduct_cat&post=2144"},{"taxonomy":"product_tag","embeddable":true,"href":"https:\/\/pericom.biz\/index.php?rest_route=%2Fwp%2Fv2%2Fproduct_tag&post=2144"}],"curies":[{"name":"wp","href":"https:\/\/api.w.org\/{rel}","templated":true}]}}