{"id":2179,"date":"2026-04-16T16:47:24","date_gmt":"2026-04-16T16:47:24","guid":{"rendered":"https:\/\/pericom.biz\/?post_type=product&#038;p=2179"},"modified":"2026-04-16T16:47:44","modified_gmt":"2026-04-16T16:47:44","slug":"industrieller-wireless-access-point-aw5601-zuverlassiges-wlan-fur-industrielle-umgebungen","status":"publish","type":"product","link":"https:\/\/pericom.biz\/?product=industrieller-wireless-access-point-aw5601-zuverlassiges-wlan-fur-industrielle-umgebungen","title":{"rendered":"Industrieller Wireless Access Point AW5601: Zuverl\u00e4ssiges WLAN f\u00fcr industrielle Umgebungen"},"content":{"rendered":"<p>Der industrielle Wireless Access Point AW5601 bietet zuverl\u00e4ssige drahtlose Konnektivit\u00e4t f\u00fcr industrielle Umgebungen. Mit Unterst\u00fctzung f\u00fcr IEEE802.11 a\/b\/g\/n bietet dieser Access Point eine breite Abdeckung und hohe Leistungsf\u00e4higkeit.<\/p>\n<p>Der AW5601 kann \u00fcber das Management-Dienstprogramm oder die Web-Benutzeroberfl\u00e4che aktualisiert werden, was eine einfache Verwaltung und Wartung erm\u00f6glicht. Mit Client-Isolation-Funktionen bietet der Access Point zus\u00e4tzliche Sicherheit, indem er die Kommunikation zwischen einzelnen Client-Ger\u00e4ten im Netzwerk trennt.<\/p>\n<p>Der Access Point unterst\u00fctzt verschiedene Betriebsarten, darunter WDS Bridge und AP Client, um unterschiedliche Netzwerkanforderungen zu erf\u00fcllen und Flexibilit\u00e4t bei der Netzwerkkonfiguration zu bieten. WPS (Wi-Fi Protected Setup) und Wi-Fi Direct (Peer-to-Peer) Funktionen erleichtern die Verbindungseinrichtung und erm\u00f6glichen eine nahtlose drahtlose Kommunikation.<\/p>\n<p>Der AW5601 ist speziell f\u00fcr den Einsatz in industriellen Umgebungen ausgelegt und bietet eine robuste und zuverl\u00e4ssige Leistung auch unter anspruchsvollen Bedingungen.<\/p>\n<h3>Artikeldetails:<\/h3>\n<table>\n<thead>\n<tr>\n<th>Eigenschaft<\/th>\n<th>Spezifikation<\/th>\n<\/tr>\n<\/thead>\n<tbody>\n<tr>\n<td>WLAN-Standard<\/td>\n<td>IEEE802.11 a\/b\/g\/n<\/td>\n<\/tr>\n<tr>\n<td>Aktualisierung<\/td>\n<td>\u00dcber Management-Dienstprogramm oder Web-Benutzeroberfl\u00e4che<\/td>\n<\/tr>\n<tr>\n<td>Client-Isolation<\/td>\n<td>Verf\u00fcgbar<\/td>\n<\/tr>\n<tr>\n<td>Betriebsarten<\/td>\n<td>WDS Bridge und AP Client<\/td>\n<\/tr>\n<tr>\n<td>Sicherheit<\/td>\n<td>WPS, Wi-Fi Direct (Peer-to-Peer)<\/td>\n<\/tr>\n<\/tbody>\n<\/table>\n<table>\n<tbody>\n<tr>\n<td>Kommunikation<\/td>\n<td>Profinet, Fast Roaming, VLAN Tagging<\/td>\n<\/tr>\n<\/tbody>\n<\/table>\n<table>\n<tbody>\n<tr>\n<td>Speisung<\/td>\n<td>12..48 VDC, PoE<\/td>\n<\/tr>\n<\/tbody>\n<\/table>\n<h2><span style=\"font-size: 16px;\"><br \/>\nDownloads:<\/span><\/h2>\n<p><a href=\"https:\/\/pericom.biz\/wp-content\/uploads\/2023\/10\/CA_AW5601_v1.2_2_pericom.pdf\">Datenblatt AW5601<\/a><\/p>\n<p><a href=\"https:\/\/pericom.biz\/wp-content\/uploads\/woocommerce_uploads\/2024\/02\/Atop_Product_Selection_Guide_SERIAL_WIRELESS_v1.1-10_pericom-aormkv.pdf\">Produkt\u00fcbersicht Seriell\/Wireless<\/a><\/p>\n","protected":false},"excerpt":{"rendered":"<div class=\"flex-1 overflow-hidden\">\n<div class=\"react-scroll-to-bottom--css-zeyfl-79elbk h-full\">\n<div class=\"react-scroll-to-bottom--css-zeyfl-1n7m0yu\">\n<div class=\"flex flex-col pb-9 text-sm\">\n<div class=\"w-full text-token-text-primary\" data-testid=\"conversation-turn-77\">\n<div class=\"px-4 py-2 justify-center text-base md:gap-6 m-auto\">\n<div class=\"flex flex-1 text-base mx-auto gap-3 md:px-5 lg:px-1 xl:px-5 md:max-w-3xl lg:max-w-[40rem] xl:max-w-[48rem] group final-completion\">\n<div class=\"relative flex w-full flex-col agent-turn\">\n<div class=\"flex-col gap-1 md:gap-3\">\n<div class=\"flex flex-grow flex-col max-w-full\">\n<div class=\"min-h-[20px] text-message flex flex-col items-start gap-3 whitespace-pre-wrap break-words [.text-message+&amp;]:mt-5 overflow-x-auto\" data-message-author-role=\"assistant\" data-message-id=\"850c4c61-41b9-4bb2-ad95-fdd4412c36e3\">\n<div class=\"markdown prose w-full break-words dark:prose-invert dark\">\n<p>Der industrielle Wireless Access Point AW5601 bietet zuverl\u00e4ssiges WLAN f\u00fcr industrielle Umgebungen. Mit Unterst\u00fctzung f\u00fcr IEEE802.11 a\/b\/g\/n, Client-Isolation und verschiedenen Betriebsarten erf\u00fcllt er die Anforderungen industrieller Netzwerke und bietet Flexibilit\u00e4t bei der Konfiguration.<\/p>\n<\/div>\n<\/div>\n<\/div>\n<\/div>\n<\/div>\n<\/div>\n<\/div>\n<\/div>\n<\/div>\n<\/div>\n<\/div>\n<\/div>\n","protected":false},"featured_media":2213,"comment_status":"closed","ping_status":"closed","template":"","meta":[],"product_brand":[],"product_cat":[126,134,121],"product_tag":[143,176,52,162,232,145],"class_list":{"0":"post-2179","1":"product","2":"type-product","3":"status-publish","4":"has-post-thumbnail","6":"product_cat-netzwerklosungen","7":"product_cat-wireless-switches","8":"product_cat-wlan","9":"product_tag-802-11-a-c","10":"product_tag-nat","11":"product_tag-poe","12":"product_tag-profinet","13":"product_tag-vlan","14":"product_tag-wifi","16":"first","17":"instock","18":"downloadable","19":"taxable","20":"shipping-taxable","21":"product-type-simple"},"_links":{"self":[{"href":"https:\/\/pericom.biz\/index.php?rest_route=\/wp\/v2\/product\/2179","targetHints":{"allow":["GET"]}}],"collection":[{"href":"https:\/\/pericom.biz\/index.php?rest_route=\/wp\/v2\/product"}],"about":[{"href":"https:\/\/pericom.biz\/index.php?rest_route=\/wp\/v2\/types\/product"}],"replies":[{"embeddable":true,"href":"https:\/\/pericom.biz\/index.php?rest_route=%2Fwp%2Fv2%2Fcomments&post=2179"}],"wp:featuredmedia":[{"embeddable":true,"href":"https:\/\/pericom.biz\/index.php?rest_route=\/wp\/v2\/media\/2213"}],"wp:attachment":[{"href":"https:\/\/pericom.biz\/index.php?rest_route=%2Fwp%2Fv2%2Fmedia&parent=2179"}],"wp:term":[{"taxonomy":"product_brand","embeddable":true,"href":"https:\/\/pericom.biz\/index.php?rest_route=%2Fwp%2Fv2%2Fproduct_brand&post=2179"},{"taxonomy":"product_cat","embeddable":true,"href":"https:\/\/pericom.biz\/index.php?rest_route=%2Fwp%2Fv2%2Fproduct_cat&post=2179"},{"taxonomy":"product_tag","embeddable":true,"href":"https:\/\/pericom.biz\/index.php?rest_route=%2Fwp%2Fv2%2Fproduct_tag&post=2179"}],"curies":[{"name":"wp","href":"https:\/\/api.w.org\/{rel}","templated":true}]}}